Last updated on 2023-12-04 05:09:11 CET.
Flavor | Version | Tinstall | Tcheck | Ttotal | Status | Flags |
---|---|---|---|---|---|---|
r-devel-linux-x86_64-debian-clang | 1.0.1 | 6.29 | 52.58 | 58.87 | NOTE | |
r-devel-linux-x86_64-debian-gcc | 1.0.1 | 5.50 | 39.22 | 44.72 | NOTE | |
r-devel-linux-x86_64-fedora-clang | 1.0.1 | 74.25 | OK | |||
r-devel-linux-x86_64-fedora-gcc | 1.0.1 | 69.04 | OK | |||
r-devel-windows-x86_64 | 1.0.1 | 6.00 | 58.00 | 64.00 | OK | |
r-patched-linux-x86_64 | 1.0.1 | 5.11 | 49.63 | 54.74 | OK | |
r-release-linux-x86_64 | 1.0.1 | 3.91 | 48.35 | 52.26 | OK | |
r-release-macos-arm64 | 1.0.1 | 24.00 | OK | |||
r-release-macos-x86_64 | 1.0.1 | 40.00 | OK | |||
r-release-windows-x86_64 | 1.0.1 | 7.00 | 63.00 | 70.00 | OK | |
r-oldrel-macos-arm64 | 1.0.1 | 24.00 | OK | |||
r-oldrel-macos-x86_64 | 1.0.1 | 37.00 | OK | |||
r-oldrel-windows-x86_64 | 1.0.1 | 9.00 | 67.00 | 76.00 | OK |
Version: 1.0.1
Check: Rd files
Result: NOTE
checkRd: (-1) medScan.Rd:23: Lost braces in \itemize; \value handles \item{}{} directly
checkRd: (-1) medScan.Rd:24-26: Lost braces in \itemize; \value handles \item{}{} directly
Flavors: r-devel-linux-x86_64-debian-clang, r-devel-linux-x86_64-debian-gcc