Last updated on 2023-12-04 05:09:11 CET.
Flavor | Version | Tinstall | Tcheck | Ttotal | Status | Flags |
---|---|---|---|---|---|---|
r-devel-linux-x86_64-debian-clang | 0.3.3 | 10.71 | 246.27 | 256.98 | NOTE | |
r-devel-linux-x86_64-debian-gcc | 0.3.3 | 8.90 | 186.68 | 195.58 | NOTE | |
r-devel-linux-x86_64-fedora-clang | 0.3.3 | 308.54 | NOTE | |||
r-devel-linux-x86_64-fedora-gcc | 0.3.3 | 310.82 | NOTE | |||
r-devel-windows-x86_64 | 0.3.3 | 11.00 | 182.00 | 193.00 | NOTE | |
r-patched-linux-x86_64 | 0.3.3 | 8.12 | 241.12 | 249.24 | OK | |
r-release-linux-x86_64 | 0.3.3 | 7.05 | 242.53 | 249.58 | OK | |
r-release-macos-arm64 | 0.3.3 | 91.00 | OK | |||
r-release-macos-x86_64 | 0.3.3 | 165.00 | OK | |||
r-release-windows-x86_64 | 0.3.3 | 14.00 | 249.00 | 263.00 | OK | |
r-oldrel-macos-arm64 | 0.3.3 | 93.00 | OK | |||
r-oldrel-macos-x86_64 | 0.3.3 | 115.00 | OK | |||
r-oldrel-windows-x86_64 | 0.3.3 | 14.00 | 236.00 | 250.00 | OK |
Version: 0.3.3
Check: Rd \usage sections
Result: NOTE
Documented arguments not in \usage in Rd file 'geom_cp_density.Rd':
‘include’
Documented arguments not in \usage in Rd file 'get_simulate.Rd':
‘par_trials’ ‘pars_pop’ ‘pars_varying’
Documented arguments not in \usage in Rd file 'pp_eval.Rd':
‘...’
Functions with \usage entries need to have the appropriate \alias
entries, and all their arguments documented.
The \usage entries must correspond to syntactically valid R code.
See chapter ‘Writing R documentation files’ in the ‘Writing R
Extensions’ manual.
Flavors: r-devel-linux-x86_64-debian-clang, r-devel-linux-x86_64-debian-gcc, r-devel-linux-x86_64-fedora-clang, r-devel-linux-x86_64-fedora-gcc, r-devel-windows-x86_64