Last updated on 2023-12-08 05:02:09 CET.
Flavor | Version | Tinstall | Tcheck | Ttotal | Status | Flags |
---|---|---|---|---|---|---|
r-devel-linux-x86_64-debian-clang | 1.15.6 | 6.26 | 39.10 | 45.36 | WARN | |
r-devel-linux-x86_64-debian-gcc | 1.15.6 | 4.44 | 28.74 | 33.18 | WARN | |
r-devel-linux-x86_64-fedora-clang | 1.15.6 | 56.19 | WARN | |||
r-devel-linux-x86_64-fedora-gcc | 1.15.6 | 55.56 | WARN | |||
r-devel-windows-x86_64 | 1.15.6 | 8.00 | 53.00 | 61.00 | WARN | |
r-patched-linux-x86_64 | 1.15.6 | 6.24 | 43.07 | 49.31 | NOTE | |
r-release-linux-x86_64 | 1.15.6 | 5.22 | 42.02 | 47.24 | NOTE | |
r-release-macos-arm64 | 1.15.6 | 25.00 | NOTE | |||
r-release-macos-x86_64 | 1.15.6 | 34.00 | NOTE | |||
r-release-windows-x86_64 | 1.15.6 | 8.00 | 60.00 | 68.00 | NOTE | |
r-oldrel-macos-arm64 | 1.15.6 | 26.00 | NOTE | |||
r-oldrel-macos-x86_64 | 1.15.6 | 33.00 | NOTE | |||
r-oldrel-windows-x86_64 | 1.15.6 | 10.00 | 61.00 | 71.00 | NOTE |
Version: 1.15.6
Check: whether package can be installed
Result: WARN
Found the following significant warnings:
nsga2.c:303:11: warning: format specifies type 'int' but the argument has type 'size_t' (aka 'unsigned long') [-Wformat]
nsga2.c:303:31: warning: format specifies type 'int' but the argument has type 'size_t' (aka 'unsigned long') [-Wformat]
nsga2.c:308:13: warning: format specifies type 'int' but the argument has type 'size_t' (aka 'unsigned long') [-Wformat]
nsga2.c:308:33: warning: format specifies type 'int' but the argument has type 'size_t' (aka 'unsigned long') [-Wformat]
nsga2.c:339:13: warning: format specifies type 'int' but the argument has type 'size_t' (aka 'unsigned long') [-Wformat]
nsga2.c:339:34: warning: format specifies type 'int' but the argument has type 'size_t' (aka 'unsigned long') [-Wformat]
nsga2.c:344:15: warning: format specifies type 'int' but the argument has type 'size_t' (aka 'unsigned long') [-Wformat]
nsga2.c:344:36: warning: format specifies type 'int' but the argument has type 'size_t' (aka 'unsigned long') [-Wformat]
See ‘/home/hornik/tmp/R.check/r-devel-clang/Work/PKGS/mco.Rcheck/00install.out’ for details.
* used C compiler: ‘Debian clang version 17.0.5 (1)’
Flavor: r-devel-linux-x86_64-debian-clang
Version: 1.15.6
Check: LazyData
Result: NOTE
'LazyData' is specified without a 'data' directory
Flavors: r-devel-linux-x86_64-debian-clang, r-devel-linux-x86_64-debian-gcc, r-devel-linux-x86_64-fedora-clang, r-devel-linux-x86_64-fedora-gcc, r-devel-windows-x86_64, r-patched-linux-x86_64, r-release-linux-x86_64, r-release-macos-arm64, r-release-macos-x86_64, r-release-windows-x86_64, r-oldrel-macos-arm64, r-oldrel-macos-x86_64, r-oldrel-windows-x86_64
Version: 1.15.6
Check: whether package can be installed
Result: WARN
Found the following significant warnings:
nsga2.c:300:13: warning: format ‘%i’ expects argument of type ‘int’, but argument 2 has type ‘size_t’ {aka ‘long unsigned int’} [-Wformat=]
nsga2.c:300:13: warning: format ‘%i’ expects argument of type ‘int’, but argument 3 has type ‘size_t’ {aka ‘long unsigned int’} [-Wformat=]
nsga2.c:306:13: warning: format ‘%i’ expects argument of type ‘int’, but argument 2 has type ‘size_t’ {aka ‘long unsigned int’} [-Wformat=]
nsga2.c:306:13: warning: format ‘%i’ expects argument of type ‘int’, but argument 3 has type ‘size_t’ {aka ‘long unsigned int’} [-Wformat=]
nsga2.c:336:15: warning: format ‘%i’ expects argument of type ‘int’, but argument 2 has type ‘size_t’ {aka ‘long unsigned int’} [-Wformat=]
nsga2.c:336:15: warning: format ‘%i’ expects argument of type ‘int’, but argument 3 has type ‘size_t’ {aka ‘long unsigned int’} [-Wformat=]
nsga2.c:342:15: warning: format ‘%i’ expects argument of type ‘int’, but argument 2 has type ‘size_t’ {aka ‘long unsigned int’} [-Wformat=]
nsga2.c:342:15: warning: format ‘%i’ expects argument of type ‘int’, but argument 3 has type ‘size_t’ {aka ‘long unsigned int’} [-Wformat=]
See ‘/home/hornik/tmp/R.check/r-devel-gcc/Work/PKGS/mco.Rcheck/00install.out’ for details.
* used C compiler: ‘gcc-13 (Debian 13.2.0-7) 13.2.0’
Flavor: r-devel-linux-x86_64-debian-gcc
Version: 1.15.6
Check: whether package can be installed
Result: WARN
Found the following significant warnings:
nsga2.c:303:11: warning: format specifies type 'int' but the argument has type 'size_t' (aka 'unsigned long') [-Wformat]
nsga2.c:303:31: warning: format specifies type 'int' but the argument has type 'size_t' (aka 'unsigned long') [-Wformat]
nsga2.c:308:13: warning: format specifies type 'int' but the argument has type 'size_t' (aka 'unsigned long') [-Wformat]
nsga2.c:308:33: warning: format specifies type 'int' but the argument has type 'size_t' (aka 'unsigned long') [-Wformat]
nsga2.c:339:13: warning: format specifies type 'int' but the argument has type 'size_t' (aka 'unsigned long') [-Wformat]
nsga2.c:339:34: warning: format specifies type 'int' but the argument has type 'size_t' (aka 'unsigned long') [-Wformat]
nsga2.c:344:15: warning: format specifies type 'int' but the argument has type 'size_t' (aka 'unsigned long') [-Wformat]
nsga2.c:344:36: warning: format specifies type 'int' but the argument has type 'size_t' (aka 'unsigned long') [-Wformat]
See ‘/data/gannet/ripley/R/packages/tests-clang/mco.Rcheck/00install.out’ for details.
* used C compiler: ‘clang version 17.0.5’
Flavor: r-devel-linux-x86_64-fedora-clang
Version: 1.15.6
Check: whether package can be installed
Result: WARN
Found the following significant warnings:
nsga2.c:300:13: warning: format '%i' expects argument of type 'int', but argument 2 has type 'size_t' {aka 'long unsigned int'} [-Wformat=]
nsga2.c:300:13: warning: format '%i' expects argument of type 'int', but argument 3 has type 'size_t' {aka 'long unsigned int'} [-Wformat=]
nsga2.c:306:13: warning: format '%i' expects argument of type 'int', but argument 2 has type 'size_t' {aka 'long unsigned int'} [-Wformat=]
nsga2.c:306:13: warning: format '%i' expects argument of type 'int', but argument 3 has type 'size_t' {aka 'long unsigned int'} [-Wformat=]
nsga2.c:336:15: warning: format '%i' expects argument of type 'int', but argument 2 has type 'size_t' {aka 'long unsigned int'} [-Wformat=]
nsga2.c:336:15: warning: format '%i' expects argument of type 'int', but argument 3 has type 'size_t' {aka 'long unsigned int'} [-Wformat=]
nsga2.c:342:15: warning: format '%i' expects argument of type 'int', but argument 2 has type 'size_t' {aka 'long unsigned int'} [-Wformat=]
nsga2.c:342:15: warning: format '%i' expects argument of type 'int', but argument 3 has type 'size_t' {aka 'long unsigned int'} [-Wformat=]
See ‘/data/gannet/ripley/R/packages/tests-devel/mco.Rcheck/00install.out’ for details.
* used C compiler: ‘gcc-13 (GCC) 13.2.0’
Flavor: r-devel-linux-x86_64-fedora-gcc
Version: 1.15.6
Check: whether package can be installed
Result: WARN
Found the following significant warnings:
nsga2.c:300:13: warning: format '%i' expects argument of type 'int', but argument 2 has type 'size_t' {aka 'long long unsigned int'} [-Wformat=]
nsga2.c:300:13: warning: format '%i' expects argument of type 'int', but argument 3 has type 'size_t' {aka 'long long unsigned int'} [-Wformat=]
nsga2.c:306:13: warning: format '%i' expects argument of type 'int', but argument 2 has type 'size_t' {aka 'long long unsigned int'} [-Wformat=]
nsga2.c:306:13: warning: format '%i' expects argument of type 'int', but argument 3 has type 'size_t' {aka 'long long unsigned int'} [-Wformat=]
nsga2.c:336:15: warning: format '%i' expects argument of type 'int', but argument 2 has type 'size_t' {aka 'long long unsigned int'} [-Wformat=]
nsga2.c:336:15: warning: format '%i' expects argument of type 'int', but argument 3 has type 'size_t' {aka 'long long unsigned int'} [-Wformat=]
nsga2.c:342:15: warning: format '%i' expects argument of type 'int', but argument 2 has type 'size_t' {aka 'long long unsigned int'} [-Wformat=]
nsga2.c:342:15: warning: format '%i' expects argument of type 'int', but argument 3 has type 'size_t' {aka 'long long unsigned int'} [-Wformat=]
See 'd:/Rcompile/CRANpkg/local/4.4/mco.Rcheck/00install.out' for details.
* used C compiler: 'gcc.exe (GCC) 12.3.0'
Flavor: r-devel-windows-x86_64