Last updated on 2023-12-04 05:09:11 CET.
Flavor | Version | Tinstall | Tcheck | Ttotal | Status | Flags |
---|---|---|---|---|---|---|
r-devel-linux-x86_64-debian-clang | 0.2.7 | 32.51 | 124.44 | 156.95 | OK | |
r-devel-linux-x86_64-debian-gcc | 0.2.7 | 22.33 | 91.65 | 113.98 | OK | |
r-devel-linux-x86_64-fedora-clang | 0.2.7 | 199.29 | NOTE | |||
r-devel-linux-x86_64-fedora-gcc | 0.2.7 | 189.28 | OK | |||
r-devel-windows-x86_64 | 0.2.7 | 27.00 | 139.00 | 166.00 | OK | |
r-patched-linux-x86_64 | 0.2.7 | 23.75 | 118.04 | 141.79 | OK | |
r-release-linux-x86_64 | 0.2.7 | 18.92 | 117.33 | 136.25 | OK | |
r-release-macos-arm64 | 0.2.7 | 88.00 | OK | |||
r-release-macos-x86_64 | 0.2.7 | 139.00 | OK | |||
r-release-windows-x86_64 | 0.2.7 | 36.00 | 170.00 | 206.00 | OK | |
r-oldrel-macos-arm64 | 0.2.7 | 82.00 | OK | |||
r-oldrel-macos-x86_64 | 0.2.7 | 87.00 | OK | |||
r-oldrel-windows-x86_64 | 0.2.7 | 33.00 | 177.00 | 210.00 | OK |
Version: 0.2.7
Check: Rd cross-references
Result: NOTE
Undeclared package ‘NLP’ in Rd xrefs
Flavor: r-devel-linux-x86_64-fedora-clang