CRAN Package Check Results for Package mccr

Last updated on 2024-03-04 04:51:34 CET.

Flavor Version Tinstall Tcheck Ttotal Status Flags
r-devel-linux-x86_64-debian-clang 0.4.4 2.05 20.72 22.77 NOTE
r-devel-linux-x86_64-debian-gcc 0.4.4 1.26 16.60 17.86 NOTE
r-devel-linux-x86_64-fedora-clang 0.4.4 28.59 NOTE
r-devel-linux-x86_64-fedora-gcc 0.4.4 27.33 NOTE
r-devel-windows-x86_64 0.4.4 3.00 38.00 41.00 NOTE
r-patched-linux-x86_64 0.4.4 2.02 20.50 22.52 NOTE
r-release-linux-x86_64 0.4.4 1.80 20.75 22.55 NOTE
r-release-macos-arm64 0.4.4 16.00 NOTE
r-release-macos-x86_64 0.4.4 21.00 NOTE
r-release-windows-x86_64 0.4.4 2.00 39.00 41.00 NOTE
r-oldrel-macos-arm64 0.4.4 17.00 NOTE
r-oldrel-windows-x86_64 0.4.4 3.00 43.00 46.00 NOTE

Check Details

Version: 0.4.4
Check: LazyData
Result: NOTE 'LazyData' is specified without a 'data' directory Flavors: r-devel-linux-x86_64-debian-clang, r-devel-linux-x86_64-debian-gcc, r-devel-linux-x86_64-fedora-clang, r-devel-linux-x86_64-fedora-gcc, r-devel-windows-x86_64, r-patched-linux-x86_64, r-release-linux-x86_64, r-release-macos-arm64, r-release-macos-x86_64, r-release-windows-x86_64, r-oldrel-macos-arm64, r-oldrel-windows-x86_64