Last updated on 2023-12-09 04:50:58 CET.
Flavor | Version | Tinstall | Tcheck | Ttotal | Status | Flags |
---|---|---|---|---|---|---|
r-devel-linux-x86_64-debian-clang | 1.1.0 | 104.84 | 61.74 | 166.58 | NOTE | |
r-devel-linux-x86_64-debian-gcc | 1.1.0 | 65.32 | 46.74 | 112.06 | NOTE | |
r-devel-linux-x86_64-fedora-clang | 1.1.0 | 249.74 | NOTE | |||
r-devel-linux-x86_64-fedora-gcc | 1.1.0 | 231.18 | NOTE | |||
r-devel-windows-x86_64 | 1.1.0 | 86.00 | 80.00 | 166.00 | NOTE | |
r-patched-linux-x86_64 | 1.1.0 | 83.80 | 58.89 | 142.69 | NOTE | |
r-release-linux-x86_64 | 1.1.0 | 79.66 | 58.67 | 138.33 | NOTE | |
r-release-macos-arm64 | 1.1.0 | 57.00 | NOTE | |||
r-release-macos-x86_64 | 1.1.0 | 95.00 | NOTE | |||
r-release-windows-x86_64 | 1.1.0 | 104.00 | 96.00 | 200.00 | OK | |
r-oldrel-macos-arm64 | 1.1.0 | 57.00 | OK | |||
r-oldrel-macos-x86_64 | 1.1.0 | 74.00 | OK | |||
r-oldrel-windows-x86_64 | 1.1.0 | 108.00 | 94.00 | 202.00 | OK |
Version: 1.1.0
Check: C++ specification
Result: NOTE
Specified C++11: please drop specification unless essential
Flavors: r-devel-linux-x86_64-debian-clang, r-devel-linux-x86_64-debian-gcc, r-devel-linux-x86_64-fedora-clang, r-devel-linux-x86_64-fedora-gcc, r-patched-linux-x86_64, r-release-linux-x86_64, r-release-macos-arm64, r-release-macos-x86_64
Version: 1.1.0
Check: Rd contents
Result: NOTE
Auto-generated content requiring editing in Rd file 'mccca-package.Rd':
\references: ‘This optional section can contain literature or other refere...’
\seealso: ‘Optional links to other man pages’
\examples: ‘\dontrun{ ## Optional simple examples of the most impor...’
Flavors: r-devel-linux-x86_64-debian-clang, r-devel-linux-x86_64-debian-gcc, r-devel-linux-x86_64-fedora-clang, r-devel-linux-x86_64-fedora-gcc, r-devel-windows-x86_64