CRAN Package Check Results for Package mbir

Last updated on 2024-02-21 04:55:44 CET.

Flavor Version Tinstall Tcheck Ttotal Status Flags
r-devel-linux-x86_64-debian-clang 1.3.5 NOTE
r-devel-linux-x86_64-debian-gcc 1.3.5 4.76 32.57 37.33 NOTE
r-devel-linux-x86_64-fedora-clang 1.3.5 59.67 NOTE
r-devel-linux-x86_64-fedora-gcc 1.3.5 69.53 NOTE
r-devel-windows-x86_64 1.3.5 5.00 53.00 58.00 NOTE
r-patched-linux-x86_64 1.3.5 6.72 42.13 48.85 NOTE
r-release-linux-x86_64 1.3.5 5.05 41.79 46.84 NOTE
r-release-macos-arm64 1.3.5 27.00 NOTE
r-release-macos-x86_64 1.3.5 42.00 NOTE
r-release-windows-x86_64 1.3.5 7.00 56.00 63.00 NOTE
r-oldrel-macos-arm64 1.3.5 27.00 NOTE
r-oldrel-windows-x86_64 1.3.5 7.00 59.00 66.00 NOTE

Check Details

Version: 1.3.5
Check: LazyData
Result: NOTE 'LazyData' is specified without a 'data' directory Flavors: r-devel-linux-x86_64-debian-clang, r-devel-linux-x86_64-debian-gcc, r-devel-linux-x86_64-fedora-clang, r-devel-linux-x86_64-fedora-gcc, r-devel-windows-x86_64, r-patched-linux-x86_64, r-release-linux-x86_64, r-release-macos-arm64, r-release-macos-x86_64, r-release-windows-x86_64, r-oldrel-macos-arm64, r-oldrel-windows-x86_64

Version: 1.3.5
Check: dependencies in R code
Result: NOTE Namespaces in Imports field not imported from: ‘effsize’ ‘psych’ All declared Imports should be used. Flavors: r-devel-linux-x86_64-fedora-clang, r-devel-linux-x86_64-fedora-gcc