CRAN Package Check Results for Package matrixprofiler

Last updated on 2024-02-25 04:51:10 CET.

Flavor Version Tinstall Tcheck Ttotal Status Flags
r-devel-linux-x86_64-debian-clang 0.1.9 147.28 37.65 184.93 NOTE
r-devel-linux-x86_64-debian-gcc 0.1.9 123.31 28.64 151.95 NOTE
r-devel-linux-x86_64-fedora-clang 0.1.9 266.52 NOTE
r-devel-linux-x86_64-fedora-gcc 0.1.9 296.74 NOTE
r-devel-windows-x86_64 0.1.9 119.00 74.00 193.00 NOTE
r-patched-linux-x86_64 0.1.9 154.97 36.38 191.35 NOTE
r-release-linux-x86_64 0.1.9 142.81 36.50 179.31 NOTE
r-release-macos-arm64 0.1.9 75.00 NOTE
r-release-macos-x86_64 0.1.9 111.00 NOTE
r-release-windows-x86_64 0.1.9 107.00 82.00 189.00 NOTE
r-oldrel-macos-arm64 0.1.9 70.00 NOTE
r-oldrel-windows-x86_64 0.1.9 141.00 80.00 221.00 NOTE

Check Details

Version: 0.1.9
Check: C++ specification
Result: NOTE Specified C++11: please drop specification unless essential Flavors: r-devel-linux-x86_64-debian-clang, r-devel-linux-x86_64-debian-gcc, r-devel-linux-x86_64-fedora-clang, r-devel-linux-x86_64-fedora-gcc, r-devel-windows-x86_64, r-patched-linux-x86_64, r-release-linux-x86_64, r-release-macos-arm64, r-release-macos-x86_64, r-release-windows-x86_64

Version: 0.1.9
Check: for GNU extensions in Makefiles
Result: NOTE GNU make is a SystemRequirements. Flavors: r-devel-linux-x86_64-debian-clang, r-devel-linux-x86_64-debian-gcc, r-devel-linux-x86_64-fedora-clang, r-devel-linux-x86_64-fedora-gcc, r-devel-windows-x86_64, r-patched-linux-x86_64, r-release-linux-x86_64, r-release-macos-arm64, r-release-macos-x86_64, r-release-windows-x86_64, r-oldrel-macos-arm64, r-oldrel-windows-x86_64

Version: 0.1.9
Check: installed package size
Result: NOTE installed size is 8.7Mb sub-directories of 1Mb or more: libs 8.4Mb Flavors: r-release-macos-arm64, r-release-macos-x86_64, r-oldrel-macos-arm64