CRAN Package Check Results for Package matricks

Last updated on 2023-11-28 04:57:24 CET.

Flavor Version Tinstall Tcheck Ttotal Status Flags
r-devel-linux-x86_64-debian-clang 0.8.2 22.68 61.62 84.30 NOTE
r-devel-linux-x86_64-debian-gcc 0.8.2 15.15 45.61 60.76 NOTE
r-devel-linux-x86_64-fedora-clang 0.8.2 115.42 NOTE
r-devel-linux-x86_64-fedora-gcc 0.8.2 117.74 NOTE
r-devel-windows-x86_64 0.8.2 21.00 85.00 106.00 NOTE
r-patched-linux-x86_64 0.8.2 19.26 57.98 77.24 NOTE
r-release-linux-x86_64 0.8.2 20.46 58.57 79.03 NOTE
r-release-macos-arm64 0.8.2 44.00 NOTE
r-release-macos-x86_64 0.8.2 64.00 NOTE
r-release-windows-x86_64 0.8.2 28.00 99.00 127.00 NOTE
r-oldrel-macos-arm64 0.8.2 35.00 NOTE
r-oldrel-macos-x86_64 0.8.2 62.00 NOTE
r-oldrel-windows-x86_64 0.8.2 25.00 104.00 129.00 NOTE

Check Details

Version: 0.8.2
Check: LazyData
Result: NOTE 'LazyData' is specified without a 'data' directory Flavors: r-devel-linux-x86_64-debian-clang, r-devel-linux-x86_64-debian-gcc, r-devel-linux-x86_64-fedora-clang, r-devel-linux-x86_64-fedora-gcc, r-devel-windows-x86_64, r-patched-linux-x86_64, r-release-linux-x86_64, r-release-macos-arm64, r-release-macos-x86_64, r-release-windows-x86_64, r-oldrel-macos-arm64, r-oldrel-macos-x86_64, r-oldrel-windows-x86_64