Last updated on 2023-12-10 04:56:03 CET.
Flavor | Version | Tinstall | Tcheck | Ttotal | Status | Flags |
---|---|---|---|---|---|---|
r-devel-linux-x86_64-debian-clang | 0.1.1 | 3.65 | 41.20 | 44.85 | NOTE | |
r-devel-linux-x86_64-debian-gcc | 0.1.1 | 2.37 | 31.53 | 33.90 | NOTE | |
r-devel-linux-x86_64-fedora-clang | 0.1.1 | 55.93 | NOTE | |||
r-devel-linux-x86_64-fedora-gcc | 0.1.1 | 65.19 | NOTE | |||
r-devel-windows-x86_64 | 0.1.1 | 4.00 | 51.00 | 55.00 | NOTE | |
r-patched-linux-x86_64 | 0.1.1 | 2.79 | 40.03 | 42.82 | NOTE | |
r-release-linux-x86_64 | 0.1.1 | 3.12 | 39.37 | 42.49 | NOTE | |
r-release-macos-arm64 | 0.1.1 | 32.00 | NOTE | |||
r-release-macos-x86_64 | 0.1.1 | 41.00 | NOTE | |||
r-release-windows-x86_64 | 0.1.1 | 5.00 | 55.00 | 60.00 | NOTE | |
r-oldrel-macos-arm64 | 0.1.1 | 24.00 | NOTE | |||
r-oldrel-macos-x86_64 | 0.1.1 | 29.00 | NOTE | |||
r-oldrel-windows-x86_64 | 0.1.1 | 5.00 | 61.00 | 66.00 | NOTE |
Version: 0.1.1
Check: LazyData
Result: NOTE
'LazyData' is specified without a 'data' directory
Flavors: r-devel-linux-x86_64-debian-clang, r-devel-linux-x86_64-debian-gcc, r-devel-linux-x86_64-fedora-clang, r-devel-linux-x86_64-fedora-gcc, r-devel-windows-x86_64, r-patched-linux-x86_64, r-release-linux-x86_64, r-release-macos-arm64, r-release-macos-x86_64, r-release-windows-x86_64, r-oldrel-macos-arm64, r-oldrel-macos-x86_64, r-oldrel-windows-x86_64