CRAN Package Check Results for Package marqLevAlg

Last updated on 2024-06-13 05:59:10 CEST.

Flavor Version Tinstall Tcheck Ttotal Status Flags
r-devel-linux-x86_64-debian-clang 2.0.8 4.98 179.10 184.08 NOTE
r-devel-linux-x86_64-debian-gcc 2.0.8 4.08 28.97 33.05 ERROR
r-devel-linux-x86_64-fedora-clang 2.0.8 236.06 NOTE
r-devel-linux-x86_64-fedora-gcc 2.0.8 220.46 NOTE
r-devel-windows-x86_64 2.0.8 7.00 142.00 149.00 NOTE
r-patched-linux-x86_64 2.0.8 5.91 164.31 170.22 NOTE
r-release-linux-x86_64 2.0.8 5.75 166.31 172.06 NOTE
r-release-macos-arm64 2.0.8 63.00 NOTE
r-release-macos-x86_64 2.0.8 100.00 NOTE
r-release-windows-x86_64 2.0.8 8.00 143.00 151.00 NOTE
r-oldrel-macos-arm64 2.0.8 66.00 OK
r-oldrel-macos-x86_64 2.0.8 116.00 OK
r-oldrel-windows-x86_64 2.0.8 10.00 189.00 199.00 OK

Check Details

Version: 2.0.8
Check: Rd files
Result: NOTE checkRd: (-1) marqLevAlg-package.Rd:14: Lost braces; missing escapes or markup? 14 | (GH^{-1}G). | ^ Flavors: r-devel-linux-x86_64-debian-clang, r-devel-linux-x86_64-debian-gcc, r-devel-linux-x86_64-fedora-clang, r-devel-linux-x86_64-fedora-gcc, r-devel-windows-x86_64, r-patched-linux-x86_64, r-release-linux-x86_64, r-release-macos-arm64, r-release-macos-x86_64, r-release-windows-x86_64

Version: 2.0.8
Check: package dependencies
Result: NOTE Packages suggested but not available for checking: 'ggplot2', 'viridis', 'patchwork' Flavor: r-devel-linux-x86_64-debian-gcc

Version: 2.0.8
Check: re-building of vignette outputs
Result: ERROR Error(s) in re-building vignettes: ... --- re-building ‘mla.Rmd’ using rmarkdown Quitting from lines 127-132 [unnamed-chunk-1] (mla.Rmd) Error: processing vignette 'mla.Rmd' failed with diagnostics: there is no package called 'ggplot2' --- failed re-building ‘mla.Rmd’ SUMMARY: processing the following file failed: ‘mla.Rmd’ Error: Vignette re-building failed. Execution halted Flavor: r-devel-linux-x86_64-debian-gcc