CRAN Package Check Results for Package marqLevAlg

Last updated on 2023-12-04 05:09:11 CET.

Flavor Version Tinstall Tcheck Ttotal Status Flags
r-devel-linux-x86_64-debian-clang 2.0.8 4.71 174.02 178.73 NOTE
r-devel-linux-x86_64-debian-gcc 2.0.8 4.00 119.06 123.06 NOTE
r-devel-linux-x86_64-fedora-clang 2.0.8 216.48 OK
r-devel-linux-x86_64-fedora-gcc 2.0.8 214.94 OK
r-devel-windows-x86_64 2.0.8 9.00 145.00 154.00 OK
r-patched-linux-x86_64 2.0.8 5.58 160.68 166.26 OK
r-release-linux-x86_64 2.0.8 5.10 163.36 168.46 OK
r-release-macos-arm64 2.0.8 66.00 OK
r-release-macos-x86_64 2.0.8 116.00 OK
r-release-windows-x86_64 2.0.8 10.00 195.00 205.00 OK
r-oldrel-macos-arm64 2.0.8 52.00 OK
r-oldrel-macos-x86_64 2.0.8 77.00 OK
r-oldrel-windows-x86_64 2.0.8 9.00 200.00 209.00 OK

Check Details

Version: 2.0.8
Check: Rd files
Result: NOTE checkRd: (-1) marqLevAlg-package.Rd:14: Lost braces; missing escapes or markup? 14 | (GH^{-1}G). | ^ Flavors: r-devel-linux-x86_64-debian-clang, r-devel-linux-x86_64-debian-gcc