Last updated on 2023-12-04 05:09:11 CET.
Flavor | Version | Tinstall | Tcheck | Ttotal | Status | Flags |
---|---|---|---|---|---|---|
r-devel-linux-x86_64-debian-clang | 0.9.5 | 188.08 | 310.98 | 499.06 | NOTE | |
r-devel-linux-x86_64-debian-gcc | 0.9.5 | 137.20 | 228.13 | 365.33 | NOTE | |
r-devel-linux-x86_64-fedora-clang | 0.9.5 | 665.91 | NOTE | |||
r-devel-linux-x86_64-fedora-gcc | 0.9.5 | 681.11 | NOTE | |||
r-devel-windows-x86_64 | 0.9.5 | 138.00 | 341.00 | 479.00 | NOTE | |
r-patched-linux-x86_64 | 0.9.5 | 155.74 | 304.39 | 460.13 | NOTE | |
r-release-linux-x86_64 | 0.9.5 | 154.71 | 297.73 | 452.44 | NOTE | |
r-release-macos-arm64 | 0.9.5 | 160.00 | NOTE | |||
r-release-macos-x86_64 | 0.9.5 | 428.00 | NOTE | |||
r-release-windows-x86_64 | 0.9.5 | 180.00 | 340.00 | 520.00 | NOTE | |
r-oldrel-macos-arm64 | 0.9.5 | 150.00 | NOTE | |||
r-oldrel-macos-x86_64 | 0.9.5 | 208.00 | NOTE | |||
r-oldrel-windows-x86_64 | 0.9.5 | 169.00 | 322.00 | 491.00 | NOTE |
Version: 0.9.5
Check: Rd files
Result: NOTE
checkRd: (-1) markovchainFit.Rd:31: Lost braces; missing escapes or markup?
31 | \item{stringchar}{It can be a {n x n} matrix or a character vector or a list}
| ^
checkRd: (-1) markovchainFit.Rd:39: Lost braces; missing escapes or markup?
39 | \item{data}{It can be a character vector or a {n x n} matrix or a {n x n} data frame or a list}
| ^
checkRd: (-1) markovchainFit.Rd:39: Lost braces; missing escapes or markup?
39 | \item{data}{It can be a character vector or a {n x n} matrix or a {n x n} data frame or a list}
| ^
checkRd: (-1) markovchainFit.Rd:61: Lost braces; missing escapes or markup?
61 | {k x k} where k is the number of states in the chain and the values
| ^
Flavors: r-devel-linux-x86_64-debian-clang, r-devel-linux-x86_64-debian-gcc
Version: 0.9.5
Check: for GNU extensions in Makefiles
Result: NOTE
GNU make is a SystemRequirements.
Flavors: r-devel-linux-x86_64-debian-clang, r-devel-linux-x86_64-debian-gcc, r-devel-linux-x86_64-fedora-clang, r-devel-linux-x86_64-fedora-gcc, r-devel-windows-x86_64, r-patched-linux-x86_64, r-release-linux-x86_64, r-release-macos-arm64, r-release-macos-x86_64, r-release-windows-x86_64, r-oldrel-macos-arm64, r-oldrel-macos-x86_64, r-oldrel-windows-x86_64
Version: 0.9.5
Check: installed package size
Result: NOTE
installed size is 10.0Mb
sub-directories of 1Mb or more:
libs 8.3Mb
Flavors: r-release-macos-arm64, r-release-macos-x86_64, r-oldrel-macos-arm64, r-oldrel-macos-x86_64