CRAN Package Check Results for Package manynet

Last updated on 2024-02-26 04:49:31 CET.

Flavor Version Tinstall Tcheck Ttotal Status Flags
r-devel-linux-x86_64-debian-clang 0.4.1 15.86 149.77 165.63 OK
r-devel-linux-x86_64-debian-gcc 0.4.1 12.51 111.43 123.94 OK
r-devel-linux-x86_64-fedora-clang 0.4.1 220.72 NOTE
r-devel-linux-x86_64-fedora-gcc 0.4.1 205.57 NOTE
r-devel-windows-x86_64 0.4.1 15.00 124.00 139.00 OK
r-patched-linux-x86_64 0.4.1 13.05 141.60 154.65 NOTE
r-release-linux-x86_64 0.4.1 10.89 144.07 154.96 OK
r-release-macos-arm64 0.4.1 55.00 OK
r-release-macos-x86_64 0.4.1 146.00 OK
r-release-windows-x86_64 0.4.1 22.00 150.00 172.00 OK
r-oldrel-macos-arm64 0.4.1 60.00 OK
r-oldrel-windows-x86_64 0.4.1 20.00 148.00 168.00 ERROR

Check Details

Version: 0.4.1
Check: data for non-ASCII characters
Result: NOTE Note: found 7 marked UTF-8 strings Flavors: r-devel-linux-x86_64-fedora-clang, r-devel-linux-x86_64-fedora-gcc

Version: 0.4.1
Check: package dependencies
Result: NOTE Package suggested but not available for checking: ‘RSiena’ Flavor: r-patched-linux-x86_64

Version: 0.4.1
Check: tests
Result: ERROR Running 'testthat.R' [14s] Running the tests in 'tests/testthat.R' failed. Complete output: > library(testthat) > library(manynet) Registered S3 method overwritten by 'manynet': method from print.tbl_graph tidygraph > > test_check("manynet") Starting 2 test processes [ FAIL 1 | WARN 9 | SKIP 19 | PASS 334 ] ══ Skipped tests (19) ══════════════════════════════════════════════════════════ • On CRAN (18): 'test-manip_as.R:86:3', 'test-manip_split.R:50:3', 'test-map_autographr.R:2:3', 'test-map_autographr.R:17:3', 'test-map_autographr.R:31:3', 'test-map_autographr.R:49:3', 'test-map_autographr.R:68:3', 'test-map_autographr.R:96:3', 'test-map_autographr.R:108:3', 'test-map_autographr.R:117:3', 'test-map_autographr.R:123:3', 'test-map_autographr.R:130:3', 'test-map_autographr.R:143:3', 'test-map_autographr.R:160:3', 'test-mark_nodes.R:13:3', 'test-mark_nodes.R:22:3', 'test-mark_ties.R:24:3', 'test-mark_ties.R:33:3' • utils::packageVersion("ggplot2") >= "3.5.0" is TRUE (1): 'test-map_theme.R:54:3' ══ Failed tests ════════════════════════════════════════════════════════════════ ── Failure ('test-manip_split.R:20:3'): to_ and from_ subgraphs works ────────── to_subgraphs(unicorn, "unicorn") has length 1, not length 2. [ FAIL 1 | WARN 9 | SKIP 19 | PASS 334 ] Error: Test failures Execution halted Flavor: r-oldrel-windows-x86_64