Last updated on 2023-12-07 04:56:28 CET.
Flavor | Version | Tinstall | Tcheck | Ttotal | Status | Flags |
---|---|---|---|---|---|---|
r-devel-linux-x86_64-debian-clang | 0.8.3 | 10.74 | 111.30 | 122.04 | OK | |
r-devel-linux-x86_64-debian-gcc | 0.8.3 | 7.17 | 83.00 | 90.17 | OK | |
r-devel-linux-x86_64-fedora-clang | 0.8.3 | 152.08 | NOTE | |||
r-devel-linux-x86_64-fedora-gcc | 0.8.3 | 153.99 | NOTE | |||
r-devel-windows-x86_64 | 0.8.3 | 10.00 | 108.00 | 118.00 | OK | |
r-patched-linux-x86_64 | 0.8.3 | 7.92 | 106.95 | 114.87 | OK | |
r-release-linux-x86_64 | 0.8.3 | 6.17 | 104.72 | 110.89 | OK | |
r-release-macos-arm64 | 0.8.3 | 55.00 | OK | |||
r-release-macos-x86_64 | 0.8.3 | 122.00 | OK | |||
r-release-windows-x86_64 | 0.8.3 | 12.00 | 129.00 | 141.00 | OK | |
r-oldrel-macos-arm64 | 0.8.3 | 53.00 | OK | |||
r-oldrel-macos-x86_64 | 0.8.3 | 73.00 | OK | |||
r-oldrel-windows-x86_64 | 0.8.3 | 13.00 | 154.00 | 167.00 | OK |
Version: 0.8.3
Check: data for non-ASCII characters
Result: NOTE
Note: found 3 marked UTF-8 strings
Flavors: r-devel-linux-x86_64-fedora-clang, r-devel-linux-x86_64-fedora-gcc