Last updated on 2023-11-29 04:57:26 CET.
Flavor | Version | Tinstall | Tcheck | Ttotal | Status | Flags |
---|---|---|---|---|---|---|
r-devel-linux-x86_64-debian-clang | 1.2.2 | 354.49 | 147.41 | 501.90 | OK | |
r-devel-linux-x86_64-debian-gcc | 1.2.2 | 269.74 | 106.06 | 375.80 | OK | |
r-devel-linux-x86_64-fedora-clang | 1.2.2 | 833.91 | OK | |||
r-devel-linux-x86_64-fedora-gcc | 1.2.2 | 841.05 | OK | |||
r-devel-windows-x86_64 | 1.2.2 | 279.00 | 166.00 | 445.00 | OK | |
r-patched-linux-x86_64 | 1.2.2 | 317.40 | 140.60 | 458.00 | OK | |
r-release-linux-x86_64 | 1.2.2 | 318.57 | 142.03 | 460.60 | OK | |
r-release-macos-arm64 | 1.2.2 | 183.00 | NOTE | |||
r-release-macos-x86_64 | 1.2.2 | 200.00 | NOTE | |||
r-release-windows-x86_64 | 1.2.2 | 365.00 | 183.00 | 548.00 | OK | |
r-oldrel-macos-arm64 | 1.2.2 | 171.00 | NOTE | |||
r-oldrel-macos-x86_64 | 1.2.2 | 215.00 | NOTE | |||
r-oldrel-windows-x86_64 | 1.2.2 | 335.00 | 176.00 | 511.00 | OK |
Version: 1.2.2
Check: installed package size
Result: NOTE
installed size is 26.5Mb
sub-directories of 1Mb or more:
libs 25.1Mb
Flavors: r-release-macos-arm64, r-release-macos-x86_64, r-oldrel-macos-arm64, r-oldrel-macos-x86_64