Last updated on 2023-12-06 04:55:56 CET.
Flavor | Version | Tinstall | Tcheck | Ttotal | Status | Flags |
---|---|---|---|---|---|---|
r-devel-linux-x86_64-debian-clang | 3.1.3 | 24.34 | 141.83 | 166.17 | NOTE | |
r-devel-linux-x86_64-debian-gcc | 3.1.3 | 15.38 | 106.84 | 122.22 | NOTE | |
r-devel-linux-x86_64-fedora-clang | 3.1.3 | 216.04 | OK | |||
r-devel-linux-x86_64-fedora-gcc | 3.1.3 | 217.39 | OK | |||
r-devel-windows-x86_64 | 3.1.3 | 21.00 | 189.00 | 210.00 | OK | |
r-patched-linux-x86_64 | 3.1.3 | 24.12 | 141.16 | 165.28 | OK | |
r-release-linux-x86_64 | 3.1.3 | 23.89 | 138.98 | 162.87 | OK | |
r-release-macos-arm64 | 3.1.3 | 76.00 | OK | |||
r-release-macos-x86_64 | 3.1.3 | 198.00 | OK | |||
r-release-windows-x86_64 | 3.1.3 | 26.00 | 160.00 | 186.00 | OK | |
r-oldrel-macos-arm64 | 3.1.3 | 88.00 | OK | |||
r-oldrel-macos-x86_64 | 3.1.3 | 106.00 | OK | |||
r-oldrel-windows-x86_64 | 3.1.3 | 23.00 | 157.00 | 180.00 | OK |
Version: 3.1.3
Check: Rd files
Result: NOTE
checkRd: (-1) mable.dr.Rd:23: Lost braces
23 | \item{x, y}{original two sample raw data, code{x}:"Control", \code{y}: "Case".}
| ^
checkRd: (-1) mable.dr.group.Rd:26: Lost braces
26 | specified by \code{t}. code{n0}:"Control", \code{n1}: "Case".}
| ^
checkRd: (-1) mable.reg.Rd:50: Lost braces
50 | Wrapping all code{mable} fit of regression models in one function.
| ^
checkRd: (-1) maple.dr.Rd:23: Lost braces
23 | \item{x, y}{original two sample raw data, code{x}:"Control", \code{y}: "Case".}
| ^
checkRd: (-1) maple.dr.group.Rd:27: Lost braces
27 | specified by \code{t}. code{n0}:"Control", \code{n1}: "Case".}
| ^
Flavors: r-devel-linux-x86_64-debian-clang, r-devel-linux-x86_64-debian-gcc