CRAN Package Check Results for Package mDAG

Last updated on 2024-02-26 04:49:32 CET.

Flavor Version Tinstall Tcheck Ttotal Status Flags
r-devel-linux-x86_64-debian-clang 1.2.2 53.65 174.79 228.44 NOTE
r-devel-linux-x86_64-debian-gcc 1.2.2 46.06 136.22 182.28 NOTE
r-devel-linux-x86_64-fedora-clang 1.2.2 322.63 NOTE
r-devel-linux-x86_64-fedora-gcc 1.2.2 304.66 NOTE
r-devel-windows-x86_64 1.2.2 49.00 168.00 217.00 NOTE
r-patched-linux-x86_64 1.2.2 53.65 174.86 228.51 NOTE
r-release-linux-x86_64 1.2.2 52.13 161.12 213.25 NOTE
r-release-macos-arm64 1.2.2 75.00 NOTE
r-release-macos-x86_64 1.2.2 128.00 NOTE
r-release-windows-x86_64 1.2.2 60.00 195.00 255.00 NOTE
r-oldrel-macos-arm64 1.2.2 76.00 OK
r-oldrel-windows-x86_64 1.2.2 56.00 183.00 239.00 OK

Check Details

Version: 1.2.2
Check: C++ specification
Result: NOTE Specified C++11: please drop specification unless essential Flavors: r-devel-linux-x86_64-debian-clang, r-devel-linux-x86_64-debian-gcc, r-devel-linux-x86_64-fedora-clang, r-devel-linux-x86_64-fedora-gcc, r-devel-windows-x86_64, r-patched-linux-x86_64, r-release-linux-x86_64, r-release-macos-arm64, r-release-macos-x86_64, r-release-windows-x86_64