CRAN Package Check Results for Package lvmcomp

Last updated on 2024-02-26 04:49:31 CET.

Flavor Version Tinstall Tcheck Ttotal Status Flags
r-devel-linux-x86_64-debian-clang 1.2 90.35 37.25 127.60 NOTE
r-devel-linux-x86_64-debian-gcc 1.2 69.22 28.20 97.42 NOTE
r-devel-linux-x86_64-fedora-clang 1.2 179.88 NOTE
r-devel-linux-x86_64-fedora-gcc 1.2 180.65 NOTE
r-devel-windows-x86_64 1.2 65.00 79.00 144.00 NOTE
r-patched-linux-x86_64 1.2 96.15 36.65 132.80 NOTE
r-release-linux-x86_64 1.2 87.00 36.16 123.16 NOTE
r-release-macos-arm64 1.2 47.00 NOTE
r-release-macos-x86_64 1.2 77.00 NOTE
r-release-windows-x86_64 1.2 84.00 84.00 168.00 NOTE
r-oldrel-macos-arm64 1.2 47.00 OK
r-oldrel-windows-x86_64 1.2 84.00 86.00 170.00 OK

Check Details

Version: 1.2
Check: C++ specification
Result: NOTE Specified C++11: please drop specification unless essential Flavors: r-devel-linux-x86_64-debian-clang, r-devel-linux-x86_64-debian-gcc, r-devel-linux-x86_64-fedora-clang, r-devel-linux-x86_64-fedora-gcc, r-devel-windows-x86_64, r-patched-linux-x86_64, r-release-linux-x86_64, r-release-macos-arm64, r-release-macos-x86_64, r-release-windows-x86_64

Version: 1.2
Check: Rd files
Result: NOTE checkRd: (-1) StEM_pcirt.Rd:11: Lost braces; missing escapes or markup? 11 | \item{response}{N by J matrix containing {0,1,...,M-1} responses, where N is the number of respondents and J is the number of items.} | ^ Flavors: r-devel-linux-x86_64-debian-clang, r-devel-linux-x86_64-debian-gcc