CRAN Package Check Results for Package ltsspca

Last updated on 2024-06-14 05:58:28 CEST.

Flavor Version Tinstall Tcheck Ttotal Status Flags
r-devel-linux-x86_64-debian-clang 0.1.0 88.54 180.38 268.92 NOTE
r-devel-linux-x86_64-debian-gcc 0.1.0 64.66 133.18 197.84 NOTE
r-devel-linux-x86_64-fedora-clang 0.1.0 367.25 NOTE
r-devel-linux-x86_64-fedora-gcc 0.1.0 372.69 NOTE
r-devel-windows-x86_64 0.1.0 72.00 194.00 266.00 NOTE
r-patched-linux-x86_64 0.1.0 81.32 170.29 251.61 NOTE
r-release-linux-x86_64 0.1.0 82.56 172.21 254.77 NOTE
r-release-macos-arm64 0.1.0 104.00 NOTE
r-release-macos-x86_64 0.1.0 141.00 NOTE
r-release-windows-x86_64 0.1.0 71.00 186.00 257.00 NOTE
r-oldrel-macos-arm64 0.1.0 113.00 NOTE
r-oldrel-macos-x86_64 0.1.0 189.00 NOTE
r-oldrel-windows-x86_64 0.1.0 89.00 208.00 297.00 NOTE

Check Details

Version: 0.1.0
Check: C++ specification
Result: NOTE Specified C++11: please drop specification unless essential Flavors: r-devel-linux-x86_64-debian-clang, r-devel-linux-x86_64-debian-gcc, r-devel-linux-x86_64-fedora-clang, r-devel-linux-x86_64-fedora-gcc, r-devel-windows-x86_64, r-patched-linux-x86_64, r-release-linux-x86_64, r-release-macos-arm64, r-release-macos-x86_64, r-release-windows-x86_64, r-oldrel-macos-arm64, r-oldrel-macos-x86_64, r-oldrel-windows-x86_64

Version: 0.1.0
Check: package dependencies
Result: NOTE Package suggested but not available for checking: ‘testthat’ Flavor: r-devel-linux-x86_64-debian-gcc