Last updated on 2023-11-30 04:52:56 CET.
Flavor | Version | Tinstall | Tcheck | Ttotal | Status | Flags |
---|---|---|---|---|---|---|
r-devel-linux-x86_64-debian-clang | 1.1 | 9.00 | 78.75 | 87.75 | NOTE | |
r-devel-linux-x86_64-debian-gcc | 1.1 | 6.70 | 60.44 | 67.14 | NOTE | |
r-devel-linux-x86_64-fedora-clang | 1.1 | 111.57 | NOTE | |||
r-devel-linux-x86_64-fedora-gcc | 1.1 | 106.01 | NOTE | |||
r-devel-windows-x86_64 | 1.1 | 8.00 | 84.00 | 92.00 | NOTE | |
r-patched-linux-x86_64 | 1.1 | 9.35 | 77.57 | 86.92 | NOTE | |
r-release-linux-x86_64 | 1.1 | 7.92 | 77.63 | 85.55 | NOTE | |
r-release-macos-arm64 | 1.1 | 39.00 | NOTE | |||
r-release-macos-x86_64 | 1.1 | 63.00 | NOTE | |||
r-release-windows-x86_64 | 1.1 | 10.00 | 93.00 | 103.00 | NOTE | |
r-oldrel-macos-arm64 | 1.1 | 52.00 | NOTE | |||
r-oldrel-macos-x86_64 | 1.1 | 51.00 | NOTE | |||
r-oldrel-windows-x86_64 | 1.1 | 10.00 | 96.00 | 106.00 | NOTE |
Version: 1.1
Check: LazyData
Result: NOTE
'LazyData' is specified without a 'data' directory
Flavors: r-devel-linux-x86_64-debian-clang, r-devel-linux-x86_64-debian-gcc, r-devel-linux-x86_64-fedora-clang, r-devel-linux-x86_64-fedora-gcc, r-devel-windows-x86_64, r-patched-linux-x86_64, r-release-linux-x86_64, r-release-macos-arm64, r-release-macos-x86_64, r-release-windows-x86_64, r-oldrel-macos-arm64, r-oldrel-macos-x86_64, r-oldrel-windows-x86_64