Last updated on 2023-12-10 04:56:02 CET.
Flavor | Version | Tinstall | Tcheck | Ttotal | Status | Flags |
---|---|---|---|---|---|---|
r-devel-linux-x86_64-debian-clang | 0.4 | 15.30 | 103.40 | 118.70 | NOTE | |
r-devel-linux-x86_64-debian-gcc | 0.4 | 10.80 | 75.63 | 86.43 | NOTE | |
r-devel-linux-x86_64-fedora-clang | 0.4 | 154.80 | NOTE | |||
r-devel-linux-x86_64-fedora-gcc | 0.4 | 136.58 | NOTE | |||
r-devel-windows-x86_64 | 0.4 | 14.00 | 90.00 | 104.00 | NOTE | |
r-patched-linux-x86_64 | 0.4 | 23.60 | 97.88 | 121.48 | NOTE | |
r-release-linux-x86_64 | 0.4 | 14.87 | 96.66 | 111.53 | NOTE | |
r-release-macos-arm64 | 0.4 | 45.00 | NOTE | |||
r-release-macos-x86_64 | 0.4 | 76.00 | NOTE | |||
r-release-windows-x86_64 | 0.4 | 18.00 | 102.00 | 120.00 | NOTE | |
r-oldrel-macos-arm64 | 0.4 | 42.00 | NOTE | |||
r-oldrel-macos-x86_64 | 0.4 | 76.00 | NOTE | |||
r-oldrel-windows-x86_64 | 0.4 | 19.00 | 103.00 | 122.00 | NOTE |
Version: 0.4
Check: LazyData
Result: NOTE
'LazyData' is specified without a 'data' directory
Flavors: r-devel-linux-x86_64-debian-clang, r-devel-linux-x86_64-debian-gcc, r-devel-linux-x86_64-fedora-clang, r-devel-linux-x86_64-fedora-gcc, r-devel-windows-x86_64, r-patched-linux-x86_64, r-release-linux-x86_64, r-release-macos-arm64, r-release-macos-x86_64, r-release-windows-x86_64, r-oldrel-macos-arm64, r-oldrel-macos-x86_64, r-oldrel-windows-x86_64