CRAN Package Check Results for Package lpirfs

Last updated on 2024-03-01 04:51:46 CET.

Flavor Version Tinstall Tcheck Ttotal Status Flags
r-devel-linux-x86_64-debian-clang 0.2.3 144.76 183.35 328.11 NOTE
r-devel-linux-x86_64-debian-gcc 0.2.3 110.90 149.00 259.90 NOTE
r-devel-linux-x86_64-fedora-clang 0.2.3 493.45 NOTE
r-devel-linux-x86_64-fedora-gcc 0.2.3 476.81 NOTE
r-devel-windows-x86_64 0.2.3 109.00 277.00 386.00 OK
r-patched-linux-x86_64 0.2.3 150.78 182.33 333.11 OK
r-release-linux-x86_64 0.2.3 148.86 188.62 337.48 OK
r-release-macos-arm64 0.2.3 145.00 NOTE
r-release-macos-x86_64 0.2.3 315.00 NOTE
r-release-windows-x86_64 0.2.3 141.00 344.00 485.00 OK
r-oldrel-macos-arm64 0.2.3 146.00 NOTE
r-oldrel-windows-x86_64 0.2.3 132.00 345.00 477.00 OK

Check Details

Version: 0.2.3
Check: Rd files
Result: NOTE checkRd: (-1) lp_nl.Rd:70: Lost braces; missing escapes or markup? 70 | Regime 1 = (1-\eqn{F(z_{t-1})})*y_{(t-p)}, \cr | ^ checkRd: (-1) lp_nl.Rd:71: Lost braces; missing escapes or markup? 71 | Regime 2 = \eqn{F(z_{t-1})}*y_{(t-p)}.} | ^ checkRd: (-1) lp_nl.Rd:128: Lost braces; missing escapes or markup? 128 | \item{fz}{A vector containing the values of the transition function F(z_{t-1}).} | ^ checkRd: (-1) lp_nl_iv.Rd:84: Lost braces; missing escapes or markup? 84 | Regime 1 = (1-\eqn{F(z_{t-1})})*y_{(t-p)}, \cr | ^ checkRd: (-1) lp_nl_iv.Rd:85: Lost braces; missing escapes or markup? 85 | Regime 2 = \eqn{F(z_{t-1})}*y_{(t-p)}.} | ^ checkRd: (-1) lp_nl_iv.Rd:129: Lost braces; missing escapes or markup? 129 | \item{fz}{A vector, containing the values of the transition function F(z_{t-1}).} | ^ checkRd: (-1) lp_nl_panel.Rd:103: Lost braces; missing escapes or markup? 103 | Regime 1 = (1-\eqn{F(z_{t-1})})*y_{(t-p)}, \cr | ^ checkRd: (-1) lp_nl_panel.Rd:104: Lost braces; missing escapes or markup? 104 | Regime 2 = \eqn{F(z_{t-1})}*y_{(t-p)}. | ^ Flavors: r-devel-linux-x86_64-debian-clang, r-devel-linux-x86_64-debian-gcc, r-devel-linux-x86_64-fedora-clang, r-devel-linux-x86_64-fedora-gcc

Version: 0.2.3
Check: installed package size
Result: NOTE installed size is 5.2Mb sub-directories of 1Mb or more: libs 3.6Mb Flavors: r-release-macos-arm64, r-release-macos-x86_64, r-oldrel-macos-arm64