Last updated on 2025-01-17 04:49:19 CET.
Flavor | Version | Tinstall | Tcheck | Ttotal | Status | Flags |
---|---|---|---|---|---|---|
r-devel-linux-x86_64-debian-clang | 1.0.1 | 3.57 | 31.64 | 35.21 | NOTE | |
r-devel-linux-x86_64-debian-gcc | 1.0.1 | 2.47 | 24.54 | 27.01 | NOTE | |
r-devel-linux-x86_64-fedora-clang | 1.0.1 | 56.86 | OK | |||
r-devel-linux-x86_64-fedora-gcc | 1.0.1 | 53.72 | OK | |||
r-devel-windows-x86_64 | 1.0.1 | 5.00 | 54.00 | 59.00 | NOTE | |
r-patched-linux-x86_64 | 1.0.1 | 7.49 | 30.39 | 37.88 | OK | |
r-release-linux-x86_64 | 1.0.1 | 3.21 | 30.36 | 33.57 | OK | |
r-release-macos-arm64 | 1.0.1 | 22.00 | OK | |||
r-release-macos-x86_64 | 1.0.1 | 30.00 | OK | |||
r-release-windows-x86_64 | 1.0.1 | 5.00 | 53.00 | 58.00 | OK | |
r-oldrel-macos-arm64 | 1.0.1 | 23.00 | OK | |||
r-oldrel-macos-x86_64 | 1.0.1 | 52.00 | OK | |||
r-oldrel-windows-x86_64 | 1.0.1 | 7.00 | 56.00 | 63.00 | OK |
Version: 1.0.1
Check: Rd cross-references
Result: NOTE
Found the following Rd file(s) with Rd \link{} targets missing package
anchors:
lpacf.Epan.Rd: plot.lacf
lpacf.Rd: plot.lacf
summary.lpacf.Rd: print.lacf
Please provide package anchors for all Rd \link{} targets not in the
package itself and the base packages.
Flavors: r-devel-linux-x86_64-debian-clang, r-devel-linux-x86_64-debian-gcc, r-devel-windows-x86_64