Last updated on 2023-12-11 04:51:10 CET.
Flavor | Version | Tinstall | Tcheck | Ttotal | Status | Flags |
---|---|---|---|---|---|---|
r-devel-linux-x86_64-debian-clang | 1.0.1 | 4.29 | 38.45 | 42.74 | OK | |
r-devel-linux-x86_64-debian-gcc | 1.0.1 | 3.06 | 30.11 | 33.17 | OK | |
r-devel-linux-x86_64-fedora-clang | 1.0.1 | 53.29 | NOTE | |||
r-devel-linux-x86_64-fedora-gcc | 1.0.1 | 51.52 | OK | |||
r-devel-windows-x86_64 | 1.0.1 | 5.00 | 53.00 | 58.00 | OK | |
r-patched-linux-x86_64 | 1.0.1 | 6.78 | 37.82 | 44.60 | OK | |
r-release-linux-x86_64 | 1.0.1 | 3.51 | 38.10 | 41.61 | OK | |
r-release-macos-arm64 | 1.0.1 | 23.00 | OK | |||
r-release-macos-x86_64 | 1.0.1 | 52.00 | OK | |||
r-release-windows-x86_64 | 1.0.1 | 6.00 | 54.00 | 60.00 | OK | |
r-oldrel-macos-arm64 | 1.0.1 | 21.00 | OK | |||
r-oldrel-macos-x86_64 | 1.0.1 | 31.00 | OK | |||
r-oldrel-windows-x86_64 | 1.0.1 | 6.00 | 60.00 | 66.00 | OK |
Version: 1.0.1
Check: Rd cross-references
Result: NOTE
Undeclared package ‘forecastLSW’ in Rd xrefs
Flavor: r-devel-linux-x86_64-fedora-clang