CRAN Package Check Results for Package lowmemtkmeans

Last updated on 2024-03-04 04:51:34 CET.

Flavor Version Tinstall Tcheck Ttotal Status Flags
r-devel-linux-x86_64-debian-clang 0.1.2 32.49 30.20 62.69 NOTE
r-devel-linux-x86_64-debian-gcc 0.1.2 28.42 23.60 52.02 NOTE
r-devel-linux-x86_64-fedora-clang 0.1.2 97.04 NOTE
r-devel-linux-x86_64-fedora-gcc 0.1.2 93.17 NOTE
r-devel-windows-x86_64 0.1.2 29.00 63.00 92.00 NOTE
r-patched-linux-x86_64 0.1.2 36.77 29.81 66.58 NOTE
r-release-linux-x86_64 0.1.2 36.06 30.15 66.21 NOTE
r-release-macos-arm64 0.1.2 27.00 NOTE
r-release-macos-x86_64 0.1.2 44.00 NOTE
r-release-windows-x86_64 0.1.2 29.00 71.00 100.00 NOTE
r-oldrel-macos-arm64 0.1.2 28.00 NOTE
r-oldrel-windows-x86_64 0.1.2 35.00 68.00 103.00 NOTE

Check Details

Version: 0.1.2
Check: C++ specification
Result: NOTE Specified C++11: please drop specification unless essential Flavors: r-devel-linux-x86_64-debian-clang, r-devel-linux-x86_64-debian-gcc, r-devel-linux-x86_64-fedora-clang, r-devel-linux-x86_64-fedora-gcc, r-devel-windows-x86_64, r-patched-linux-x86_64, r-release-linux-x86_64, r-release-macos-arm64, r-release-macos-x86_64, r-release-windows-x86_64

Version: 0.1.2
Check: LazyData
Result: NOTE 'LazyData' is specified without a 'data' directory Flavors: r-devel-linux-x86_64-debian-clang, r-devel-linux-x86_64-debian-gcc, r-devel-linux-x86_64-fedora-clang, r-devel-linux-x86_64-fedora-gcc, r-devel-windows-x86_64, r-patched-linux-x86_64, r-release-linux-x86_64, r-release-macos-arm64, r-release-macos-x86_64, r-release-windows-x86_64, r-oldrel-macos-arm64, r-oldrel-windows-x86_64

Version: 0.1.2
Check: compiled code
Result: NOTE File ‘lowmemtkmeans/libs/lowmemtkmeans.so’: Found no calls to: ‘R_registerRoutines’, ‘R_useDynamicSymbols’ It is good practice to register native routines and to disable symbol search. See ‘Writing portable packages’ in the ‘Writing R Extensions’ manual. Flavors: r-devel-linux-x86_64-fedora-clang, r-devel-linux-x86_64-fedora-gcc