Last updated on 2023-11-29 04:57:26 CET.
Flavor | Version | Tinstall | Tcheck | Ttotal | Status | Flags |
---|---|---|---|---|---|---|
r-devel-linux-x86_64-debian-clang | 1.4.1 | 16.71 | 240.22 | 256.93 | NOTE | |
r-devel-linux-x86_64-debian-gcc | 1.4.1 | 16.26 | 176.09 | 192.35 | NOTE | |
r-devel-linux-x86_64-fedora-clang | 1.4.1 | 329.72 | NOTE | |||
r-devel-linux-x86_64-fedora-gcc | 1.4.1 | 332.25 | OK | |||
r-devel-windows-x86_64 | 1.4.1 | 20.00 | 274.00 | 294.00 | OK | |
r-patched-linux-x86_64 | 1.4.1 | 25.82 | 230.42 | 256.24 | OK | |
r-release-linux-x86_64 | 1.4.1 | 21.03 | 230.85 | 251.88 | OK | |
r-release-macos-arm64 | 1.4.1 | 170.00 | NOTE | |||
r-release-macos-x86_64 | 1.4.1 | 370.00 | NOTE | |||
r-release-windows-x86_64 | 1.4.1 | 24.00 | 337.00 | 361.00 | OK | |
r-oldrel-macos-arm64 | 1.4.1 | 204.00 | OK | |||
r-oldrel-macos-x86_64 | 1.4.1 | 210.00 | NOTE | |||
r-oldrel-windows-x86_64 | 1.4.1 | 25.00 | 277.00 | 302.00 | OK |
Version: 1.4.1
Check: Rd files
Result: NOTE
checkRd: (-1) l_binCut.Rd:30: Lost braces
30 | when 'code{labels = FALSE}, the default \code{active} is \code{-1}; and when \code{labels} is a vector of length equal
| ^
Flavors: r-devel-linux-x86_64-debian-clang, r-devel-linux-x86_64-debian-gcc
Version: 1.4.1
Check: installed package size
Result: NOTE
installed size is 5.0Mb
sub-directories of 1Mb or more:
doc 1.5Mb
tcl 1.3Mb
Flavor: r-devel-linux-x86_64-fedora-clang
Version: 1.4.1
Check: package dependencies
Result: NOTE
Package suggested but not available for checking: ‘RDRToolbox’
Flavors: r-release-macos-arm64, r-release-macos-x86_64, r-oldrel-macos-x86_64