CRAN Package Check Results for Package loon

Last updated on 2024-06-14 05:58:28 CEST.

Flavor Version Tinstall Tcheck Ttotal Status Flags
r-devel-linux-x86_64-debian-clang 1.4.1 28.50 268.57 297.07 NOTE
r-devel-linux-x86_64-debian-gcc 1.4.1 20.30 126.05 146.35 ERROR
r-devel-linux-x86_64-fedora-clang 1.4.1 371.09 NOTE
r-devel-linux-x86_64-fedora-gcc 1.4.1 368.62 NOTE
r-devel-windows-x86_64 1.4.1 20.00 389.00 409.00 NOTE
r-patched-linux-x86_64 1.4.1 32.38 253.41 285.79 NOTE
r-release-linux-x86_64 1.4.1 27.36 256.83 284.19 NOTE
r-release-macos-arm64 1.4.1 176.00 NOTE
r-release-macos-x86_64 1.4.1 190.00 NOTE
r-release-windows-x86_64 1.4.1 21.00 295.00 316.00 NOTE
r-oldrel-macos-arm64 1.4.1 170.00 NOTE
r-oldrel-macos-x86_64 1.4.1 370.00 NOTE
r-oldrel-windows-x86_64 1.4.1 25.00 328.00 353.00 OK

Additional issues

noSuggests

Check Details

Version: 1.4.1
Check: Rd files
Result: NOTE checkRd: (-1) l_binCut.Rd:30: Lost braces 30 | when 'code{labels = FALSE}, the default \code{active} is \code{-1}; and when \code{labels} is a vector of length equal | ^ Flavors: r-devel-linux-x86_64-debian-clang, r-devel-linux-x86_64-debian-gcc, r-devel-linux-x86_64-fedora-clang, r-devel-linux-x86_64-fedora-gcc, r-devel-windows-x86_64, r-patched-linux-x86_64, r-release-linux-x86_64, r-release-macos-arm64, r-release-macos-x86_64, r-release-windows-x86_64

Version: 1.4.1
Check: package dependencies
Result: NOTE Package suggested but not available for checking: ‘testthat’ Flavor: r-devel-linux-x86_64-debian-gcc

Version: 1.4.1
Check: tests
Result: ERROR Running ‘testthat.R’ [0s/1s] Running the tests in ‘tests/testthat.R’ failed. Complete output: > > > library(testthat) Error in library(testthat) : there is no package called 'testthat' Execution halted Flavor: r-devel-linux-x86_64-debian-gcc

Version: 1.4.1
Check: installed package size
Result: NOTE installed size is 5.0Mb sub-directories of 1Mb or more: doc 1.5Mb tcl 1.3Mb Flavor: r-devel-linux-x86_64-fedora-clang

Version: 1.4.1
Check: package dependencies
Result: NOTE Package suggested but not available for checking: ‘RDRToolbox’ Flavors: r-oldrel-macos-arm64, r-oldrel-macos-x86_64