CRAN Package Check Results for Package loon.data

Last updated on 2024-03-04 04:51:34 CET.

Flavor Version Tinstall Tcheck Ttotal Status Flags
r-devel-linux-x86_64-debian-clang 0.1.3 1.85 36.22 38.07 NOTE
r-devel-linux-x86_64-debian-gcc 0.1.3 2.07 28.92 30.99 NOTE
r-devel-linux-x86_64-fedora-clang 0.1.3 52.61 NOTE
r-devel-linux-x86_64-fedora-gcc 0.1.3 47.58 NOTE
r-devel-windows-x86_64 0.1.3 3.00 54.00 57.00 OK
r-patched-linux-x86_64 0.1.3 2.78 36.33 39.11 OK
r-release-linux-x86_64 0.1.3 1.78 36.18 37.96 OK
r-release-macos-arm64 0.1.3 21.00 OK
r-release-macos-x86_64 0.1.3 30.00 OK
r-release-windows-x86_64 0.1.3 4.00 58.00 62.00 OK
r-oldrel-macos-arm64 0.1.3 21.00 OK
r-oldrel-windows-x86_64 0.1.3 7.00 62.00 69.00 OK

Check Details

Version: 0.1.3
Check: Rd files
Result: NOTE checkRd: (-1) SAheart.Rd:96: Lost braces 96 | J.E. Rossouw, J.P.D. Plessis, A.J.S. Benad\'{e}, P.C.J. Jordaan, | ^ checkRd: (-1) SAheart.Rd:97: Lost braces 97 | J.P. Kotz\'{e}, P.L. Jooste, and J.J. Ferreira (1983) | ^ Flavors: r-devel-linux-x86_64-debian-clang, r-devel-linux-x86_64-debian-gcc, r-devel-linux-x86_64-fedora-clang, r-devel-linux-x86_64-fedora-gcc

Version: 0.1.3
Check: data for non-ASCII characters
Result: NOTE Note: found 994 marked Latin-1 strings Flavors: r-devel-linux-x86_64-fedora-clang, r-devel-linux-x86_64-fedora-gcc