CRAN Package Check Results for Package longurl

Last updated on 2024-02-23 05:07:24 CET.

Flavor Version Tinstall Tcheck Ttotal Status Flags
r-devel-linux-x86_64-debian-clang 0.3.3 NOTE
r-devel-linux-x86_64-debian-gcc 0.3.3 1.62 17.91 19.53 NOTE
r-devel-linux-x86_64-fedora-clang 0.3.3 31.30 NOTE
r-devel-linux-x86_64-fedora-gcc 0.3.3 29.25 NOTE
r-devel-windows-x86_64 0.3.3 3.00 46.00 49.00 NOTE
r-patched-linux-x86_64 0.3.3 2.21 22.43 24.64 NOTE
r-release-linux-x86_64 0.3.3 1.37 22.49 23.86 NOTE
r-release-macos-arm64 0.3.3 40.00 NOTE
r-release-macos-x86_64 0.3.3 34.00 NOTE
r-release-windows-x86_64 0.3.3 5.00 46.00 51.00 NOTE
r-oldrel-macos-arm64 0.3.3 34.00 NOTE
r-oldrel-windows-x86_64 0.3.3 3.00 49.00 52.00 NOTE

Check Details

Version: 0.3.3
Check: LazyData
Result: NOTE 'LazyData' is specified without a 'data' directory Flavors: r-devel-linux-x86_64-debian-clang, r-devel-linux-x86_64-debian-gcc, r-devel-linux-x86_64-fedora-clang, r-devel-linux-x86_64-fedora-gcc, r-devel-windows-x86_64, r-patched-linux-x86_64, r-release-linux-x86_64, r-release-macos-arm64, r-release-macos-x86_64, r-release-windows-x86_64, r-oldrel-macos-arm64, r-oldrel-windows-x86_64