CRAN Package Check Results for Package longit

Last updated on 2024-03-04 04:51:34 CET.

Flavor Version Tinstall Tcheck Ttotal Status Flags
r-devel-linux-x86_64-debian-clang 0.1.0 12.86 106.40 119.26 OK
r-devel-linux-x86_64-debian-gcc 0.1.0 9.50 81.10 90.60 OK
r-devel-linux-x86_64-fedora-clang 0.1.0 144.48 NOTE
r-devel-linux-x86_64-fedora-gcc 0.1.0 150.25 NOTE
r-devel-windows-x86_64 0.1.0 11.00 97.00 108.00 OK
r-patched-linux-x86_64 0.1.0 10.43 105.43 115.86 OK
r-release-linux-x86_64 0.1.0 9.12 105.40 114.52 OK
r-release-macos-arm64 0.1.0 48.00 OK
r-release-macos-x86_64 0.1.0 63.00 OK
r-release-windows-x86_64 0.1.0 15.00 117.00 132.00 OK
r-oldrel-macos-arm64 0.1.0 53.00 NOTE
r-oldrel-windows-x86_64 0.1.0 14.00 113.00 127.00 OK

Check Details

Version: 0.1.0
Check: dependencies in R code
Result: NOTE Namespace in Imports field not imported from: ‘utils’ All declared Imports should be used. Flavors: r-devel-linux-x86_64-fedora-clang, r-devel-linux-x86_64-fedora-gcc, r-oldrel-macos-arm64