Last updated on 2023-12-07 04:56:27 CET.
Flavor | Version | Tinstall | Tcheck | Ttotal | Status | Flags |
---|---|---|---|---|---|---|
r-devel-linux-x86_64-debian-clang | 1.3 | 210.83 | 178.58 | 389.41 | WARN | --no-vignettes |
r-devel-linux-x86_64-debian-gcc | 1.3 | 158.69 | 134.00 | 292.69 | NOTE | --no-vignettes |
r-devel-linux-x86_64-fedora-clang | 1.3 | 544.78 | WARN | --no-vignettes | ||
r-devel-linux-x86_64-fedora-gcc | 1.3 | 550.97 | OK | --no-vignettes | ||
r-devel-windows-x86_64 | 1.3 | 162.00 | 202.00 | 364.00 | OK | --no-vignettes |
r-patched-linux-x86_64 | 1.3 | 196.39 | 168.97 | 365.36 | OK | --no-vignettes |
r-release-linux-x86_64 | 1.3 | 176.45 | 170.82 | 347.27 | OK | --no-vignettes |
r-release-macos-arm64 | 1.3 | 1803.00 | NOTE | |||
r-release-macos-x86_64 | 1.3 | 1803.00 | NOTE | |||
r-release-windows-x86_64 | 1.3 | 216.00 | 227.00 | 443.00 | OK | --no-vignettes |
r-oldrel-macos-arm64 | 1.3 | 981.00 | NOTE | |||
r-oldrel-macos-x86_64 | 1.3 | 1803.00 | ERROR | |||
r-oldrel-windows-x86_64 | 1.3 | 196.00 | 243.00 | 439.00 | OK | --no-vignettes |
Version: 1.3
Flags: --no-vignettes
Check: whether package can be installed
Result: WARN
Found the following significant warnings:
./../inst/include/ParamParser.h:116:20: warning: format string is not a string literal (potentially insecure) [-Wformat-security]
./../inst/include/ParamParser.h:130:20: warning: format string is not a string literal (potentially insecure) [-Wformat-security]
./../inst/include/ParamParser.h:136:22: warning: format string is not a string literal (potentially insecure) [-Wformat-security]
./../inst/include/ParamParser.h:46:28: warning: format string is not a string literal (potentially insecure) [-Wformat-security]
./../inst/include/ParamParser.h:61:28: warning: format string is not a string literal (potentially insecure) [-Wformat-security]
./../inst/include/ParamParser.h:74:36: warning: format string is not a string literal (potentially insecure) [-Wformat-security]
./../inst/include/ParamParser.h:80:28: warning: format string is not a string literal (potentially insecure) [-Wformat-security]
../inst/include/StatController.h:61:22: warning: format string is not a string literal (potentially insecure) [-Wformat-security]
../inst/include/StatController.h:65:22: warning: format string is not a string literal (potentially insecure) [-Wformat-security]
../inst/include/StatController.h:77:22: warning: format string is not a string literal (potentially insecure) [-Wformat-security]
../inst/include/StatController.h:81:22: warning: format string is not a string literal (potentially insecure) [-Wformat-security]
../inst/include/ParamParser.h:116:20: warning: format string is not a string literal (potentially insecure) [-Wformat-security]
../inst/include/ParamParser.h:130:20: warning: format string is not a string literal (potentially insecure) [-Wformat-security]
../inst/include/ParamParser.h:136:22: warning: format string is not a string literal (potentially insecure) [-Wformat-security]
../inst/include/ParamParser.h:46:28: warning: format string is not a string literal (potentially insecure) [-Wformat-security]
../inst/include/ParamParser.h:61:28: warning: format string is not a string literal (potentially insecure) [-Wformat-security]
../inst/include/ParamParser.h:74:36: warning: format string is not a string literal (potentially insecure) [-Wformat-security]
../inst/include/ParamParser.h:80:28: warning: format string is not a string literal (potentially insecure) [-Wformat-security]
See ‘/home/hornik/tmp/R.check/r-devel-clang/Work/PKGS/lolog.Rcheck/00install.out’ for details.
* used C++ compiler: ‘Debian clang version 17.0.5 (1)’
Flavor: r-devel-linux-x86_64-debian-clang
Version: 1.3
Flags: --no-vignettes
Check: Rd files
Result: NOTE
checkRd: (-1) lolog-terms.Rd:13-15: Lost braces in \itemize; meant \describe ?
checkRd: (-1) lolog-terms.Rd:23-25: Lost braces in \itemize; meant \describe ?
Flavors: r-devel-linux-x86_64-debian-clang, r-devel-linux-x86_64-debian-gcc
Version: 1.3
Flags: --no-vignettes
Check: whether package can be installed
Result: WARN
Found the following significant warnings:
./../inst/include/ParamParser.h:116:20: warning: format string is not a string literal (potentially insecure) [-Wformat-security]
./../inst/include/ParamParser.h:130:20: warning: format string is not a string literal (potentially insecure) [-Wformat-security]
./../inst/include/ParamParser.h:136:22: warning: format string is not a string literal (potentially insecure) [-Wformat-security]
./../inst/include/ParamParser.h:46:28: warning: format string is not a string literal (potentially insecure) [-Wformat-security]
./../inst/include/ParamParser.h:61:28: warning: format string is not a string literal (potentially insecure) [-Wformat-security]
./../inst/include/ParamParser.h:74:36: warning: format string is not a string literal (potentially insecure) [-Wformat-security]
./../inst/include/ParamParser.h:80:28: warning: format string is not a string literal (potentially insecure) [-Wformat-security]
../inst/include/StatController.h:61:22: warning: format string is not a string literal (potentially insecure) [-Wformat-security]
../inst/include/StatController.h:65:22: warning: format string is not a string literal (potentially insecure) [-Wformat-security]
../inst/include/StatController.h:77:22: warning: format string is not a string literal (potentially insecure) [-Wformat-security]
../inst/include/StatController.h:81:22: warning: format string is not a string literal (potentially insecure) [-Wformat-security]
../inst/include/ParamParser.h:116:20: warning: format string is not a string literal (potentially insecure) [-Wformat-security]
../inst/include/ParamParser.h:130:20: warning: format string is not a string literal (potentially insecure) [-Wformat-security]
../inst/include/ParamParser.h:136:22: warning: format string is not a string literal (potentially insecure) [-Wformat-security]
../inst/include/ParamParser.h:46:28: warning: format string is not a string literal (potentially insecure) [-Wformat-security]
../inst/include/ParamParser.h:61:28: warning: format string is not a string literal (potentially insecure) [-Wformat-security]
../inst/include/ParamParser.h:74:36: warning: format string is not a string literal (potentially insecure) [-Wformat-security]
../inst/include/ParamParser.h:80:28: warning: format string is not a string literal (potentially insecure) [-Wformat-security]
See ‘/data/gannet/ripley/R/packages/tests-clang/lolog.Rcheck/00install.out’ for details.
* used C++ compiler: ‘clang version 17.0.5’
Flavor: r-devel-linux-x86_64-fedora-clang
Version: 1.3
Check: installed package size
Result: NOTE
installed size is 21.8Mb
sub-directories of 1Mb or more:
libs 20.1Mb
Flavors: r-release-macos-arm64, r-release-macos-x86_64, r-oldrel-macos-arm64, r-oldrel-macos-x86_64
Version: 1.3
Check: re-building of vignette outputs
Result: ERROR
Error(s) in re-building vignettes:
...
--- re-building ‘lolog-ergm.Rmd’ using rmarkdown
Execution halted
* checking PDF version of manual ...* using check arguments '--no-clean-on-error '
Flavor: r-oldrel-macos-x86_64