CRAN Package Check Results for Package log4r

Last updated on 2023-12-08 05:02:08 CET.

Flavor Version Tinstall Tcheck Ttotal Status Flags
r-devel-linux-x86_64-debian-clang 0.4.3 3.37 43.99 47.36 OK
r-devel-linux-x86_64-debian-gcc 0.4.3 2.76 33.66 36.42 OK
r-devel-linux-x86_64-fedora-clang 0.4.3 59.52 OK
r-devel-linux-x86_64-fedora-gcc 0.4.3 77.09 OK
r-devel-windows-x86_64 0.4.3 5.00 63.00 68.00 NOTE
r-patched-linux-x86_64 0.4.3 3.36 42.94 46.30 OK
r-release-linux-x86_64 0.4.3 3.51 42.68 46.19 OK
r-release-macos-arm64 0.4.3 36.00 OK
r-release-macos-x86_64 0.4.3 52.00 OK
r-release-windows-x86_64 0.4.3 7.00 66.00 73.00 NOTE
r-oldrel-macos-arm64 0.4.3 30.00 OK
r-oldrel-macos-x86_64 0.4.3 38.00 OK
r-oldrel-windows-x86_64 0.4.3 7.00 70.00 77.00 NOTE

Check Details

Version: 0.4.3
Check: package dependencies
Result: NOTE Package suggested but not available for checking: 'rsyslog' Flavors: r-devel-windows-x86_64, r-release-windows-x86_64, r-oldrel-windows-x86_64