CRAN Package Check Results for Package lodi

Last updated on 2024-06-14 05:58:28 CEST.

Flavor Version Tinstall Tcheck Ttotal Status Flags
r-devel-linux-x86_64-debian-clang 0.9.2 1.87 32.33 34.20 OK
r-devel-linux-x86_64-debian-gcc 0.9.2 1.93 23.18 25.11 ERROR
r-devel-linux-x86_64-fedora-clang 0.9.2 45.30 OK
r-devel-linux-x86_64-fedora-gcc 0.9.2 54.53 OK
r-devel-windows-x86_64 0.9.2 4.00 47.00 51.00 OK
r-patched-linux-x86_64 0.9.2 2.85 30.74 33.59 OK
r-release-linux-x86_64 0.9.2 2.40 30.39 32.79 OK
r-release-macos-arm64 0.9.2 24.00 OK
r-release-macos-x86_64 0.9.2 35.00 OK
r-release-windows-x86_64 0.9.2 3.00 47.00 50.00 OK
r-oldrel-macos-arm64 0.9.2 27.00 OK
r-oldrel-macos-x86_64 0.9.2 36.00 OK
r-oldrel-windows-x86_64 0.9.2 4.00 49.00 53.00 OK

Check Details

Version: 0.9.2
Check: package dependencies
Result: NOTE Package suggested but not available for checking: ‘testthat’ Flavor: r-devel-linux-x86_64-debian-gcc

Version: 0.9.2
Check: tests
Result: ERROR Running ‘testthat.R’ [0s/1s] Running the tests in ‘tests/testthat.R’ failed. Complete output: > library(testthat) Error in library(testthat) : there is no package called 'testthat' Execution halted Flavor: r-devel-linux-x86_64-debian-gcc