CRAN Package Check Results for Package locits

Last updated on 2024-06-14 05:58:28 CEST.

Flavor Version Tinstall Tcheck Ttotal Status Flags
r-devel-linux-x86_64-debian-clang 1.7.7 6.82 69.21 76.03 NOTE
r-devel-linux-x86_64-debian-gcc 1.7.7 0.31 1.62 1.93 ERROR
r-devel-linux-x86_64-fedora-clang 1.7.7 93.31 NOTE
r-devel-linux-x86_64-fedora-gcc 1.7.7 90.79 NOTE
r-devel-windows-x86_64 1.7.7 10.00 78.00 88.00 NOTE
r-patched-linux-x86_64 1.7.7 10.00 65.23 75.23 NOTE
r-release-linux-x86_64 1.7.7 8.72 66.08 74.80 NOTE
r-release-macos-arm64 1.7.7 34.00 NOTE
r-release-macos-x86_64 1.7.7 45.00 NOTE
r-release-windows-x86_64 1.7.7 10.00 81.00 91.00 NOTE
r-oldrel-macos-arm64 1.7.7 43.00 OK
r-oldrel-macos-x86_64 1.7.7 57.00 OK
r-oldrel-windows-x86_64 1.7.7 12.00 86.00 98.00 OK

Check Details

Version: 1.7.7
Check: Rd files
Result: NOTE checkRd: (-1) Rvarlacf.Rd:104: Lost braces 104 | eqn{(2s+1)^{-2}} (this was the default in versions prior to | ^ checkRd: (-1) Rvarlacf.Rd:104: Lost braces; missing escapes or markup? 104 | eqn{(2s+1)^{-2}} (this was the default in versions prior to | ^ Flavors: r-devel-linux-x86_64-debian-clang, r-devel-linux-x86_64-fedora-clang, r-devel-linux-x86_64-fedora-gcc, r-devel-windows-x86_64, r-patched-linux-x86_64, r-release-linux-x86_64, r-release-macos-arm64, r-release-macos-x86_64, r-release-windows-x86_64

Version: 1.7.7
Check: package dependencies
Result: ERROR Package required but not available: ‘igraph’ See section ‘The DESCRIPTION file’ in the ‘Writing R Extensions’ manual. Flavor: r-devel-linux-x86_64-debian-gcc