Last updated on 2023-11-30 04:52:56 CET.
Flavor | Version | Tinstall | Tcheck | Ttotal | Status | Flags |
---|---|---|---|---|---|---|
r-devel-linux-x86_64-debian-clang | 1.7.7 | 9.11 | 65.24 | 74.35 | NOTE | |
r-devel-linux-x86_64-debian-gcc | 1.7.7 | 6.39 | 49.22 | 55.61 | NOTE | |
r-devel-linux-x86_64-fedora-clang | 1.7.7 | 90.19 | OK | |||
r-devel-linux-x86_64-fedora-gcc | 1.7.7 | 86.35 | OK | |||
r-devel-windows-x86_64 | 1.7.7 | 10.00 | 81.00 | 91.00 | OK | |
r-patched-linux-x86_64 | 1.7.7 | 12.46 | 63.14 | 75.60 | OK | |
r-release-linux-x86_64 | 1.7.7 | 8.13 | 62.05 | 70.18 | OK | |
r-release-macos-arm64 | 1.7.7 | 43.00 | OK | |||
r-release-macos-x86_64 | 1.7.7 | 57.00 | OK | |||
r-release-windows-x86_64 | 1.7.7 | 12.00 | 89.00 | 101.00 | OK | |
r-oldrel-macos-arm64 | 1.7.7 | 37.00 | OK | |||
r-oldrel-macos-x86_64 | 1.7.7 | 46.00 | OK | |||
r-oldrel-windows-x86_64 | 1.7.7 | 11.00 | 96.00 | 107.00 | OK |
Version: 1.7.7
Check: Rd files
Result: NOTE
checkRd: (-1) Rvarlacf.Rd:104: Lost braces
104 | eqn{(2s+1)^{-2}} (this was the default in versions prior to
| ^
checkRd: (-1) Rvarlacf.Rd:104: Lost braces; missing escapes or markup?
104 | eqn{(2s+1)^{-2}} (this was the default in versions prior to
| ^
Flavors: r-devel-linux-x86_64-debian-clang, r-devel-linux-x86_64-debian-gcc