CRAN Package Check Results for Package locationgamer

Last updated on 2024-03-04 04:51:34 CET.

Flavor Version Tinstall Tcheck Ttotal Status Flags
r-devel-linux-x86_64-debian-clang 0.1.0 2.47 26.35 28.82 NOTE
r-devel-linux-x86_64-debian-gcc 0.1.0 1.82 20.46 22.28 NOTE
r-devel-linux-x86_64-fedora-clang 0.1.0 36.93 NOTE
r-devel-linux-x86_64-fedora-gcc 0.1.0 46.62 NOTE
r-devel-windows-x86_64 0.1.0 2.00 43.00 45.00 NOTE
r-patched-linux-x86_64 0.1.0 2.14 25.83 27.97 NOTE
r-release-linux-x86_64 0.1.0 2.31 25.77 28.08 NOTE
r-release-macos-arm64 0.1.0 22.00 NOTE
r-release-macos-x86_64 0.1.0 31.00 NOTE
r-release-windows-x86_64 0.1.0 3.00 46.00 49.00 NOTE
r-oldrel-macos-arm64 0.1.0 18.00 NOTE
r-oldrel-windows-x86_64 0.1.0 4.00 47.00 51.00 NOTE

Check Details

Version: 0.1.0
Check: LazyData
Result: NOTE 'LazyData' is specified without a 'data' directory Flavors: r-devel-linux-x86_64-debian-clang, r-devel-linux-x86_64-debian-gcc, r-devel-linux-x86_64-fedora-clang, r-devel-linux-x86_64-fedora-gcc, r-devel-windows-x86_64, r-patched-linux-x86_64, r-release-linux-x86_64, r-release-macos-arm64, r-release-macos-x86_64, r-release-windows-x86_64, r-oldrel-macos-arm64, r-oldrel-windows-x86_64