CRAN Package Check Results for Package lmPerm

Last updated on 2024-02-26 04:49:31 CET.

Flavor Version Tinstall Tcheck Ttotal Status Flags
r-devel-linux-x86_64-debian-clang 2.1.0 6.73 49.86 56.59 OK
r-devel-linux-x86_64-debian-gcc 2.1.0 4.50 38.46 42.96 OK
r-devel-linux-x86_64-fedora-clang 2.1.0 70.69 NOTE
r-devel-linux-x86_64-fedora-gcc 2.1.0 80.07 NOTE
r-devel-windows-x86_64 2.1.0 7.00 83.00 90.00 OK
r-patched-linux-x86_64 2.1.0 6.47 49.38 55.85 OK
r-release-linux-x86_64 2.1.0 6.39 48.36 54.75 OK
r-release-macos-arm64 2.1.0 35.00 OK
r-release-macos-x86_64 2.1.0 49.00 OK
r-release-windows-x86_64 2.1.0 7.00 83.00 90.00 OK
r-oldrel-macos-arm64 2.1.0 29.00 OK
r-oldrel-windows-x86_64 2.1.0 11.00 84.00 95.00 OK

Check Details

Version: 2.1.0
Check: compiled code
Result: NOTE File ‘lmPerm/libs/lmPerm.so’: Found no calls to: ‘R_registerRoutines’, ‘R_useDynamicSymbols’ It is good practice to register native routines and to disable symbol search. See ‘Writing portable packages’ in the ‘Writing R Extensions’ manual. Flavors: r-devel-linux-x86_64-fedora-clang, r-devel-linux-x86_64-fedora-gcc