CRAN Package Check Results for Package listArray

Last updated on 2024-03-04 04:51:34 CET.

Flavor Version Tinstall Tcheck Ttotal Status Flags
r-devel-linux-x86_64-debian-clang 0.1.1 2.15 27.38 29.53 NOTE
r-devel-linux-x86_64-debian-gcc 0.1.1 1.76 21.33 23.09 NOTE
r-devel-linux-x86_64-fedora-clang 0.1.1 37.52 NOTE
r-devel-linux-x86_64-fedora-gcc 0.1.1 47.83 NOTE
r-devel-windows-x86_64 0.1.1 3.00 52.00 55.00 NOTE
r-patched-linux-x86_64 0.1.1 2.13 26.62 28.75 NOTE
r-release-linux-x86_64 0.1.1 2.30 26.57 28.87 NOTE
r-release-macos-arm64 0.1.1 24.00 NOTE
r-release-macos-x86_64 0.1.1 33.00 NOTE
r-release-windows-x86_64 0.1.1 3.00 52.00 55.00 NOTE
r-oldrel-macos-arm64 0.1.1 20.00 NOTE
r-oldrel-windows-x86_64 0.1.1 4.00 52.00 56.00 NOTE

Check Details

Version: 0.1.1
Check: LazyData
Result: NOTE 'LazyData' is specified without a 'data' directory Flavors: r-devel-linux-x86_64-debian-clang, r-devel-linux-x86_64-debian-gcc, r-devel-linux-x86_64-fedora-clang, r-devel-linux-x86_64-fedora-gcc, r-devel-windows-x86_64, r-patched-linux-x86_64, r-release-linux-x86_64, r-release-macos-arm64, r-release-macos-x86_64, r-release-windows-x86_64, r-oldrel-macos-arm64, r-oldrel-windows-x86_64