Last updated on 2023-12-06 04:55:55 CET.
Flavor | Version | Tinstall | Tcheck | Ttotal | Status | Flags |
---|---|---|---|---|---|---|
r-devel-linux-x86_64-debian-clang | 9.2.4 | 38.10 | 175.42 | 213.52 | WARN | |
r-devel-linux-x86_64-debian-gcc | 9.2.4 | 32.71 | 127.52 | 160.23 | WARN | |
r-devel-linux-x86_64-fedora-clang | 9.2.4 | 265.04 | WARN | |||
r-devel-linux-x86_64-fedora-gcc | 9.2.4 | 300.37 | WARN | |||
r-devel-windows-x86_64 | 9.2.4 | 36.00 | 139.00 | 175.00 | WARN | |
r-patched-linux-x86_64 | 9.2.4 | 29.81 | 170.33 | 200.14 | OK | |
r-release-linux-x86_64 | 9.2.4 | 32.73 | 167.03 | 199.76 | OK | |
r-release-macos-arm64 | 9.2.4 | 84.00 | OK | |||
r-release-macos-x86_64 | 9.2.4 | 136.00 | OK | |||
r-release-windows-x86_64 | 9.2.4 | 47.00 | 168.00 | 215.00 | OK | |
r-oldrel-macos-arm64 | 9.2.4 | 76.00 | OK | |||
r-oldrel-macos-x86_64 | 9.2.4 | 95.00 | OK | |||
r-oldrel-windows-x86_64 | 9.2.4 | 46.00 | 172.00 | 218.00 | OK |
Version: 9.2.4
Check: whether package can be installed
Result: WARN
Found the following significant warnings:
combine.c:664:49: warning: format specifies type 'double' but the argument has type 'int' [-Wformat]
combine.c:664:58: warning: data argument not used by format string [-Wformat-extra-args]
subroutines.c:57:52: warning: data argument not used by format string [-Wformat-extra-args]
See ‘/home/hornik/tmp/R.check/r-devel-clang/Work/PKGS/list.Rcheck/00install.out’ for details.
* used C compiler: ‘Debian clang version 17.0.5 (1)’
Flavor: r-devel-linux-x86_64-debian-clang
Version: 9.2.4
Check: whether package can be installed
Result: WARN
Found the following significant warnings:
combine.c:664:43: warning: format ‘%g’ expects argument of type ‘double’, but argument 2 has type ‘int’ [-Wformat=]
combine.c:664:15: warning: too many arguments for format [-Wformat-extra-args]
subroutines.c:57:15: warning: too many arguments for format [-Wformat-extra-args]
See ‘/home/hornik/tmp/R.check/r-devel-gcc/Work/PKGS/list.Rcheck/00install.out’ for details.
* used C compiler: ‘gcc-13 (Debian 13.2.0-7) 13.2.0’
Flavor: r-devel-linux-x86_64-debian-gcc
Version: 9.2.4
Check: whether package can be installed
Result: WARN
Found the following significant warnings:
combine.c:664:49: warning: format specifies type 'double' but the argument has type 'int' [-Wformat]
combine.c:664:58: warning: data argument not used by format string [-Wformat-extra-args]
subroutines.c:57:52: warning: data argument not used by format string [-Wformat-extra-args]
See ‘/data/gannet/ripley/R/packages/tests-clang/list.Rcheck/00install.out’ for details.
* used C compiler: ‘clang version 17.0.5’
Flavor: r-devel-linux-x86_64-fedora-clang
Version: 9.2.4
Check: whether package can be installed
Result: WARN
Found the following significant warnings:
combine.c:664:43: warning: format '%g' expects argument of type 'double', but argument 2 has type 'int' [-Wformat=]
combine.c:664:15: warning: too many arguments for format [-Wformat-extra-args]
subroutines.c:57:15: warning: too many arguments for format [-Wformat-extra-args]
See ‘/data/gannet/ripley/R/packages/tests-devel/list.Rcheck/00install.out’ for details.
* used C compiler: ‘gcc-13 (GCC) 13.2.0’
Flavor: r-devel-linux-x86_64-fedora-gcc
Version: 9.2.4
Check: whether package can be installed
Result: WARN
Found the following significant warnings:
combine.c:664:43: warning: format '%g' expects argument of type 'double', but argument 2 has type 'int' [-Wformat=]
combine.c:664:15: warning: too many arguments for format [-Wformat-extra-args]
subroutines.c:57:15: warning: too many arguments for format [-Wformat-extra-args]
See 'd:/Rcompile/CRANpkg/local/4.4/list.Rcheck/00install.out' for details.
* used C compiler: 'gcc.exe (GCC) 12.3.0'
Flavor: r-devel-windows-x86_64