Last updated on 2023-12-04 05:09:10 CET.
Flavor | Version | Tinstall | Tcheck | Ttotal | Status | Flags |
---|---|---|---|---|---|---|
r-devel-linux-x86_64-debian-clang | 0.1.2 | 4.25 | 41.74 | 45.99 | OK | |
r-devel-linux-x86_64-debian-gcc | 0.1.2 | 3.40 | 31.59 | 34.99 | OK | |
r-devel-linux-x86_64-fedora-clang | 0.1.2 | 56.52 | NOTE | |||
r-devel-linux-x86_64-fedora-gcc | 0.1.2 | 65.39 | NOTE | |||
r-devel-windows-x86_64 | 0.1.2 | 4.00 | 54.00 | 58.00 | OK | |
r-patched-linux-x86_64 | 0.1.2 | 4.28 | 40.34 | 44.62 | OK | |
r-release-linux-x86_64 | 0.1.2 | 3.45 | 40.20 | 43.65 | OK | |
r-release-macos-arm64 | 0.1.2 | 28.00 | OK | |||
r-release-macos-x86_64 | 0.1.2 | 40.00 | OK | |||
r-release-windows-x86_64 | 0.1.2 | 5.00 | 56.00 | 61.00 | OK | |
r-oldrel-macos-arm64 | 0.1.2 | 23.00 | NOTE | |||
r-oldrel-macos-x86_64 | 0.1.2 | 34.00 | NOTE | |||
r-oldrel-windows-x86_64 | 0.1.2 | 6.00 | 60.00 | 66.00 | OK |
Version: 0.1.2
Check: data for non-ASCII characters
Result: NOTE
Note: found 32 marked UTF-8 strings
Flavors: r-devel-linux-x86_64-fedora-clang, r-devel-linux-x86_64-fedora-gcc, r-oldrel-macos-arm64, r-oldrel-macos-x86_64