Last updated on 2023-12-10 04:56:02 CET.
Flavor | Version | Tinstall | Tcheck | Ttotal | Status | Flags |
---|---|---|---|---|---|---|
r-devel-linux-x86_64-debian-clang | 1.0 | 8.51 | 86.75 | 95.26 | OK | |
r-devel-linux-x86_64-debian-gcc | 1.0 | 5.92 | 68.00 | 73.92 | OK | |
r-devel-linux-x86_64-fedora-clang | 1.0 | 123.94 | NOTE | |||
r-devel-linux-x86_64-fedora-gcc | 1.0 | 114.10 | NOTE | |||
r-devel-windows-x86_64 | 1.0 | 10.00 | 89.00 | 99.00 | OK | |
r-patched-linux-x86_64 | 1.0 | 6.32 | 85.73 | 92.05 | OK | |
r-release-linux-x86_64 | 1.0 | 9.65 | 85.55 | 95.20 | OK | |
r-release-macos-arm64 | 1.0 | 44.00 | OK | |||
r-release-macos-x86_64 | 1.0 | 69.00 | OK | |||
r-release-windows-x86_64 | 1.0 | 12.00 | 102.00 | 114.00 | OK | |
r-oldrel-macos-arm64 | 1.0 | 44.00 | OK | |||
r-oldrel-macos-x86_64 | 1.0 | 53.00 | OK | |||
r-oldrel-windows-x86_64 | 1.0 | 12.00 | 100.00 | 112.00 | OK |
Version: 1.0
Check: compiled code
Result: NOTE
File ‘linERR/libs/linERR.so’:
Found no calls to: ‘R_registerRoutines’, ‘R_useDynamicSymbols’
It is good practice to register native routines and to disable symbol
search.
See ‘Writing portable packages’ in the ‘Writing R Extensions’ manual.
Flavors: r-devel-linux-x86_64-fedora-clang, r-devel-linux-x86_64-fedora-gcc