Last updated on 2023-12-01 04:53:59 CET.
Flavor | Version | Tinstall | Tcheck | Ttotal | Status | Flags |
---|---|---|---|---|---|---|
r-devel-linux-x86_64-debian-clang | 1.2.4 | 645.11 | 277.09 | 922.20 | NOTE | |
r-devel-linux-x86_64-debian-gcc | 1.2.4 | 480.51 | 240.12 | 720.63 | NOTE | |
r-devel-linux-x86_64-fedora-clang | 1.2.4 | 1102.21 | NOTE | |||
r-devel-linux-x86_64-fedora-gcc | 1.2.4 | 1370.71 | NOTE | |||
r-devel-windows-x86_64 | 1.2.4 | 429.00 | 254.00 | 683.00 | NOTE | |
r-patched-linux-x86_64 | 1.2.4 | 425.95 | 318.41 | 744.36 | NOTE | |
r-release-linux-x86_64 | 1.2.4 | 415.24 | 312.87 | 728.11 | NOTE | |
r-release-macos-arm64 | 1.2.4 | 350.00 | NOTE | |||
r-release-macos-x86_64 | 1.2.4 | 628.00 | NOTE | |||
r-release-windows-x86_64 | 1.2.4 | 579.00 | 325.00 | 904.00 | NOTE | |
r-oldrel-macos-arm64 | 1.2.4 | 315.00 | NOTE | |||
r-oldrel-macos-x86_64 | 1.2.4 | 512.00 | NOTE | |||
r-oldrel-windows-x86_64 | 1.2.4 | 544.00 | 295.00 | 839.00 | NOTE |
Version: 1.2.4
Check: Rd files
Result: NOTE
checkRd: (-1) prior_to_num.Rd:13: Lost braces; missing escapes or markup?
13 | {'uniform', 'normal', 'student-t', 'gamma', 'inv-gamma', 'log-normal'}
| ^
Flavors: r-devel-linux-x86_64-debian-clang, r-devel-linux-x86_64-debian-gcc
Version: 1.2.4
Check: for GNU extensions in Makefiles
Result: NOTE
GNU make is a SystemRequirements.
Flavors: r-devel-linux-x86_64-debian-clang, r-devel-linux-x86_64-debian-gcc, r-devel-linux-x86_64-fedora-clang, r-devel-linux-x86_64-fedora-gcc, r-devel-windows-x86_64, r-patched-linux-x86_64, r-release-linux-x86_64, r-release-macos-arm64, r-release-macos-x86_64, r-release-windows-x86_64, r-oldrel-macos-arm64, r-oldrel-macos-x86_64, r-oldrel-windows-x86_64
Version: 1.2.4
Check: installed package size
Result: NOTE
installed size is 6.7Mb
sub-directories of 1Mb or more:
libs 5.4Mb
Flavors: r-devel-linux-x86_64-fedora-clang, r-devel-windows-x86_64, r-release-macos-arm64, r-release-macos-x86_64, r-release-windows-x86_64, r-oldrel-macos-arm64, r-oldrel-macos-x86_64, r-oldrel-windows-x86_64