CRAN Package Check Results for Package lgpr

Last updated on 2024-07-15 05:49:05 CEST.

Flavor Version Tinstall Tcheck Ttotal Status Flags
r-devel-linux-x86_64-debian-clang 1.2.4 638.27 287.60 925.87 NOTE
r-devel-linux-x86_64-debian-gcc 1.2.4 570.26 253.55 823.81 NOTE
r-devel-linux-x86_64-fedora-clang 1.2.4 1142.87 NOTE
r-devel-linux-x86_64-fedora-gcc 1.2.4 1585.29 NOTE
r-devel-windows-x86_64 1.2.4 505.00 269.00 774.00 NOTE
r-patched-linux-x86_64 1.2.4 442.87 337.66 780.53 NOTE
r-release-linux-x86_64 1.2.4 476.33 334.70 811.03 NOTE
r-release-macos-arm64 1.2.4 282.00 NOTE
r-release-macos-x86_64 1.2.4 350.00 NOTE
r-release-windows-x86_64 1.2.4 506.00 266.00 772.00 NOTE
r-oldrel-macos-arm64 1.2.4 350.00 NOTE
r-oldrel-macos-x86_64 1.2.4 628.00 NOTE
r-oldrel-windows-x86_64 1.2.4 664.00 328.00 992.00 NOTE

Check Details

Version: 1.2.4
Check: Rd files
Result: NOTE checkRd: (-1) prior_to_num.Rd:13: Lost braces; missing escapes or markup? 13 | {'uniform', 'normal', 'student-t', 'gamma', 'inv-gamma', 'log-normal'} | ^ Flavors: r-devel-linux-x86_64-debian-clang, r-devel-linux-x86_64-debian-gcc, r-devel-linux-x86_64-fedora-clang, r-devel-linux-x86_64-fedora-gcc, r-devel-windows-x86_64, r-patched-linux-x86_64, r-release-linux-x86_64, r-release-macos-arm64, r-release-macos-x86_64, r-release-windows-x86_64

Version: 1.2.4
Check: for GNU extensions in Makefiles
Result: NOTE GNU make is a SystemRequirements. Flavors: r-devel-linux-x86_64-debian-clang, r-devel-linux-x86_64-debian-gcc, r-devel-linux-x86_64-fedora-clang, r-devel-linux-x86_64-fedora-gcc, r-devel-windows-x86_64, r-patched-linux-x86_64, r-release-linux-x86_64, r-release-macos-arm64, r-release-macos-x86_64, r-release-windows-x86_64, r-oldrel-macos-arm64, r-oldrel-macos-x86_64, r-oldrel-windows-x86_64

Version: 1.2.4
Check: installed package size
Result: NOTE installed size is 7.1Mb sub-directories of 1Mb or more: libs 5.8Mb Flavors: r-devel-linux-x86_64-fedora-clang, r-devel-windows-x86_64, r-release-macos-arm64, r-release-macos-x86_64, r-release-windows-x86_64, r-oldrel-macos-arm64, r-oldrel-macos-x86_64, r-oldrel-windows-x86_64