Last updated on 2023-12-01 04:53:59 CET.
Flavor | Version | Tinstall | Tcheck | Ttotal | Status | Flags |
---|---|---|---|---|---|---|
r-devel-linux-x86_64-debian-clang | 1.5.2 | 664.36 | 341.55 | 1005.91 | NOTE | |
r-devel-linux-x86_64-debian-gcc | 1.5.2 | 466.37 | 254.70 | 721.07 | NOTE | |
r-devel-linux-x86_64-fedora-clang | 1.5.2 | 1389.73 | NOTE | |||
r-devel-linux-x86_64-fedora-gcc | 1.5.2 | 1481.23 | NOTE | |||
r-devel-windows-x86_64 | 1.5.2 | 468.00 | 341.00 | 809.00 | NOTE | |
r-patched-linux-x86_64 | 1.5.2 | 418.44 | 329.40 | 747.84 | NOTE | |
r-release-linux-x86_64 | 1.5.2 | 415.58 | 323.79 | 739.37 | NOTE | |
r-release-macos-arm64 | 1.5.2 | 276.00 | NOTE | |||
r-release-macos-x86_64 | 1.5.2 | 380.00 | NOTE | |||
r-release-windows-x86_64 | 1.5.2 | 640.00 | 424.00 | 1064.00 | NOTE | |
r-oldrel-macos-arm64 | 1.5.2 | 267.00 | NOTE | |||
r-oldrel-macos-x86_64 | 1.5.2 | 399.00 | NOTE | |||
r-oldrel-windows-x86_64 | 1.5.2 | 586.00 | 357.00 | 943.00 | NOTE |
Version: 1.5.2
Check: Rd files
Result: NOTE
checkRd: (-1) controlBFGS.Rd:42: Lost braces; missing escapes or markup?
42 | \item{stepSize}{Initial stepSize of the outer iteration (theta_{k+1} = theta_k + stepSize * Stepdirection)}
| ^
checkRd: (-1) controlGlmnet.Rd:48: Lost braces; missing escapes or markup?
48 | (theta_{k+1} = theta_k + stepSize * Stepdirection)}
| ^
Flavors: r-devel-linux-x86_64-debian-clang, r-devel-linux-x86_64-debian-gcc
Version: 1.5.2
Check: for GNU extensions in Makefiles
Result: NOTE
GNU make is a SystemRequirements.
Flavors: r-devel-linux-x86_64-debian-clang, r-devel-linux-x86_64-debian-gcc, r-devel-linux-x86_64-fedora-clang, r-devel-linux-x86_64-fedora-gcc, r-devel-windows-x86_64, r-patched-linux-x86_64, r-release-linux-x86_64, r-release-macos-arm64, r-release-macos-x86_64, r-release-windows-x86_64, r-oldrel-macos-arm64, r-oldrel-macos-x86_64, r-oldrel-windows-x86_64
Version: 1.5.2
Check: installed package size
Result: NOTE
installed size is 7.4Mb
sub-directories of 1Mb or more:
help 1.0Mb
libs 3.9Mb
Flavors: r-devel-linux-x86_64-fedora-clang, r-devel-windows-x86_64, r-release-macos-arm64, r-release-macos-x86_64, r-release-windows-x86_64, r-oldrel-macos-arm64, r-oldrel-macos-x86_64, r-oldrel-windows-x86_64