Last updated on 2023-12-04 05:09:10 CET.
Flavor | Version | Tinstall | Tcheck | Ttotal | Status | Flags |
---|---|---|---|---|---|---|
r-devel-linux-x86_64-debian-clang | 0.2 | 38.37 | 35.93 | 74.30 | NOTE | |
r-devel-linux-x86_64-debian-gcc | 0.2 | 23.57 | 27.15 | 50.72 | NOTE | |
r-devel-linux-x86_64-fedora-clang | 0.2 | 101.35 | NOTE | |||
r-devel-linux-x86_64-fedora-gcc | 0.2 | 110.03 | NOTE | |||
r-devel-windows-x86_64 | 0.2 | 29.00 | 74.00 | 103.00 | NOTE | |
r-patched-linux-x86_64 | 0.2 | 32.09 | 34.67 | 66.76 | NOTE | |
r-release-linux-x86_64 | 0.2 | 30.96 | 34.32 | 65.28 | NOTE | |
r-release-macos-arm64 | 0.2 | 38.00 | NOTE | |||
r-release-macos-x86_64 | 0.2 | 57.00 | NOTE | |||
r-release-windows-x86_64 | 0.2 | 37.00 | 78.00 | 115.00 | NOTE | |
r-oldrel-macos-arm64 | 0.2 | 31.00 | OK | |||
r-oldrel-macos-x86_64 | 0.2 | 38.00 | OK | |||
r-oldrel-windows-x86_64 | 0.2 | 35.00 | 72.00 | 107.00 | OK |
Version: 0.2
Check: C++ specification
Result: NOTE
Specified C++11: please drop specification unless essential
Flavors: r-devel-linux-x86_64-debian-clang, r-devel-linux-x86_64-debian-gcc, r-devel-linux-x86_64-fedora-clang, r-devel-linux-x86_64-fedora-gcc, r-devel-windows-x86_64, r-patched-linux-x86_64, r-release-linux-x86_64, r-release-macos-arm64, r-release-macos-x86_64, r-release-windows-x86_64