Last updated on 2023-12-01 04:53:59 CET.
Flavor | Version | Tinstall | Tcheck | Ttotal | Status | Flags |
---|---|---|---|---|---|---|
r-devel-linux-x86_64-debian-clang | 6.1.1 | 874.79 | 228.36 | 1103.15 | WARN | |
r-devel-linux-x86_64-debian-gcc | 6.1.1 | 717.21 | 170.72 | 887.93 | WARN | |
r-devel-linux-x86_64-fedora-clang | 6.1.3 | 1336.64 | NOTE | |||
r-devel-linux-x86_64-fedora-gcc | 6.1.3 | 1794.28 | OK | |||
r-devel-windows-x86_64 | 6.1.1 | 468.00 | 249.00 | 717.00 | WARN | |
r-patched-linux-x86_64 | 6.1.1 | 607.89 | 224.10 | 831.99 | OK | |
r-release-linux-x86_64 | 6.1.1 | 468.71 | 217.73 | 686.44 | OK | |
r-release-macos-arm64 | 6.1.3 | 257.00 | NOTE | |||
r-release-macos-x86_64 | 6.1.1 | 375.00 | NOTE | |||
r-release-windows-x86_64 | 6.1.1 | 794.00 | 307.00 | 1101.00 | NOTE | |
r-oldrel-macos-arm64 | 6.1.3 | 251.00 | NOTE | |||
r-oldrel-macos-x86_64 | 6.1.1 | 504.00 | NOTE | |||
r-oldrel-windows-x86_64 | 6.1.1 | 558.00 | 263.00 | 821.00 | NOTE |
Version: 6.1.1
Check: whether package can be installed
Result: WARN
Found the following significant warnings:
DataManagement.cpp:2037:50: warning: format string is not a string literal (potentially insecure) [-Wformat-security]
DataManagement.cpp:4442:40: warning: format string is not a string literal (potentially insecure) [-Wformat-security]
DataManagement.cpp:4454:40: warning: format string is not a string literal (potentially insecure) [-Wformat-security]
DataManagement.cpp:4493:40: warning: format string is not a string literal (potentially insecure) [-Wformat-security]
DataManagement.cpp:4506:40: warning: format string is not a string literal (potentially insecure) [-Wformat-security]
DataManagement.cpp:4548:40: warning: format string is not a string literal (potentially insecure) [-Wformat-security]
DataManagement.cpp:4558:40: warning: format string is not a string literal (potentially insecure) [-Wformat-security]
MatsNProj.cpp:166:36: warning: format string is not a string literal (potentially insecure) [-Wformat-security]
MatsNProj.cpp:294:34: warning: format string is not a string literal (potentially insecure) [-Wformat-security]
MatsNProj.cpp:6574:34: warning: format string is not a string literal (potentially insecure) [-Wformat-security]
MatsNProj.cpp:6585:34: warning: format string is not a string literal (potentially insecure) [-Wformat-security]
MatsNProj.cpp:8421:38: warning: format string is not a string literal (potentially insecure) [-Wformat-security]
MatsNProj.cpp:8441:38: warning: format string is not a string literal (potentially insecure) [-Wformat-security]
MatsNProj.cpp:8473:38: warning: format string is not a string literal (potentially insecure) [-Wformat-security]
MatsNProj.cpp:8493:38: warning: format string is not a string literal (potentially insecure) [-Wformat-security]
MatsNProj.cpp:8525:38: warning: format string is not a string literal (potentially insecure) [-Wformat-security]
MatsNProj.cpp:8545:38: warning: format string is not a string literal (potentially insecure) [-Wformat-security]
MatsNProj.cpp:8585:34: warning: format string is not a string literal (potentially insecure) [-Wformat-security]
MatsNProj.cpp:8592:34: warning: format string is not a string literal (potentially insecure) [-Wformat-security]
MatsNProj.cpp:8824:34: warning: format string is not a string literal (potentially insecure) [-Wformat-security]
MatsNProj.cpp:8831:34: warning: format string is not a string literal (potentially insecure) [-Wformat-security]
MatsNProj.cpp:9148:40: warning: format string is not a string literal (potentially insecure) [-Wformat-security]
MatsNProj.cpp:9156:40: warning: format string is not a string literal (potentially insecure) [-Wformat-security]
MatsNProj.cpp:9168:40: warning: format string is not a string literal (potentially insecure) [-Wformat-security]
MatsNProj.cpp:9174:40: warning: format string is not a string literal (potentially insecure) [-Wformat-security]
MatsNProj.cpp:9492:38: warning: format string is not a string literal (potentially insecure) [-Wformat-security]
MatsNProj.cpp:9500:38: warning: format string is not a string literal (potentially insecure) [-Wformat-security]
MatsNProj.cpp:9512:38: warning: format string is not a string literal (potentially insecure) [-Wformat-security]
MatsNProj.cpp:9518:38: warning: format string is not a string literal (potentially insecure) [-Wformat-security]
MatsNProj.cpp:9532:32: warning: format string is not a string literal (potentially insecure) [-Wformat-security]
MatsNProj.cpp:17543:40: warning: format string is not a string literal (potentially insecure) [-Wformat-security]
MatsNProj.cpp:17550:40: warning: format string is not a string literal (potentially insecure) [-Wformat-security]
MatsNProj.cpp:17561:40: warning: format string is not a string literal (potentially insecure) [-Wformat-security]
MatsNProj.cpp:17567:40: warning: format string is not a string literal (potentially insecure) [-Wformat-security]
MatsNProj.cpp:17588:40: warning: format string is not a string literal (potentially insecure) [-Wformat-security]
MatsNProj.cpp:18913:34: warning: format string is not a string literal (potentially insecure) [-Wformat-security]
PopChar.cpp:839:32: warning: format string is not a string literal (potentially insecure) [-Wformat-security]
PopChar.cpp:8029:88: warning: data argument not used by format string [-Wformat-extra-args]
See ‘/home/hornik/tmp/R.check/r-devel-clang/Work/PKGS/lefko3.Rcheck/00install.out’ for details.
* used C++ compiler: ‘Debian clang version 17.0.5 (1)’
Flavor: r-devel-linux-x86_64-debian-clang
Version: 6.1.1
Check: whether package can be installed
Result: WARN
Found the following significant warnings:
PopChar.cpp:8029:38: warning: too many arguments for format [-Wformat-extra-args]
See ‘/home/hornik/tmp/R.check/r-devel-gcc/Work/PKGS/lefko3.Rcheck/00install.out’ for details.
* used C++ compiler: ‘g++-13 (Debian 13.2.0-5) 13.2.0’
Flavor: r-devel-linux-x86_64-debian-gcc
Version: 6.1.3
Check: installed package size
Result: NOTE
installed size is 12.1Mb
sub-directories of 1Mb or more:
doc 2.4Mb
libs 8.0Mb
Flavors: r-devel-linux-x86_64-fedora-clang, r-release-macos-arm64, r-oldrel-macos-arm64
Version: 6.1.1
Check: whether package can be installed
Result: WARN
Found the following significant warnings:
PopChar.cpp:8029:38: warning: too many arguments for format [-Wformat-extra-args]
See 'd:/Rcompile/CRANpkg/local/4.4/lefko3.Rcheck/00install.out' for details.
* used C++ compiler: 'g++.exe (GCC) 12.3.0'
Flavor: r-devel-windows-x86_64
Version: 6.1.1
Check: installed package size
Result: NOTE
installed size is 9.4Mb
sub-directories of 1Mb or more:
doc 2.4Mb
libs 5.4Mb
Flavors: r-devel-windows-x86_64, r-release-macos-x86_64, r-release-windows-x86_64, r-oldrel-macos-x86_64, r-oldrel-windows-x86_64