CRAN Package Check Results for Package learnr

Last updated on 2024-06-14 05:58:27 CEST.

Flavor Version Tinstall Tcheck Ttotal Status Flags
r-devel-linux-x86_64-debian-clang 0.11.5 12.28 128.47 140.75 OK
r-devel-linux-x86_64-debian-gcc 0.11.5 9.05 64.17 73.22 NOTE
r-devel-linux-x86_64-fedora-clang 0.11.5 173.89 OK
r-devel-linux-x86_64-fedora-gcc 0.11.5 189.44 OK
r-devel-windows-x86_64 0.11.5 11.00 138.00 149.00 OK
r-patched-linux-x86_64 0.11.5 10.75 123.55 134.30 OK
r-release-linux-x86_64 0.11.5 11.15 125.68 136.83 OK
r-release-macos-arm64 0.11.5 82.00 OK
r-release-macos-x86_64 0.11.5 113.00 OK
r-release-windows-x86_64 0.11.5 11.00 138.00 149.00 OK
r-oldrel-macos-arm64 0.11.5 72.00 OK
r-oldrel-macos-x86_64 0.11.5 179.00 OK
r-oldrel-windows-x86_64 0.11.5 15.00 156.00 171.00 OK

Check Details

Version: 0.11.5
Check: package dependencies
Result: NOTE Packages suggested but not available for checking: 'RSQLite', 'shinytest2', 'testthat' Flavor: r-devel-linux-x86_64-debian-gcc