Last updated on 2023-12-04 05:09:10 CET.
Flavor | Version | Tinstall | Tcheck | Ttotal | Status | Flags |
---|---|---|---|---|---|---|
r-devel-linux-x86_64-debian-clang | 0.0.2 | 52.15 | 74.06 | 126.21 | NOTE | |
r-devel-linux-x86_64-debian-gcc | 0.0.2 | 35.99 | 53.94 | 89.93 | NOTE | |
r-devel-linux-x86_64-fedora-clang | 0.0.2 | 170.62 | NOTE | |||
r-devel-linux-x86_64-fedora-gcc | 0.0.2 | 174.27 | NOTE | |||
r-devel-windows-x86_64 | 0.0.2 | 39.00 | 97.00 | 136.00 | NOTE | |
r-patched-linux-x86_64 | 0.0.2 | 40.21 | 67.09 | 107.30 | NOTE | |
r-release-linux-x86_64 | 0.0.2 | 42.40 | 69.47 | 111.87 | NOTE | |
r-release-macos-arm64 | 0.0.2 | 54.00 | NOTE | |||
r-release-macos-x86_64 | 0.0.2 | 85.00 | NOTE | |||
r-release-windows-x86_64 | 0.0.2 | 51.00 | 115.00 | 166.00 | NOTE | |
r-oldrel-macos-arm64 | 0.0.2 | 44.00 | OK | |||
r-oldrel-macos-x86_64 | 0.0.2 | 70.00 | OK | |||
r-oldrel-windows-x86_64 | 0.0.2 | 47.00 | 105.00 | 152.00 | OK |
Version: 0.0.2
Check: C++ specification
Result: NOTE
Specified C++11: please drop specification unless essential
Flavors: r-devel-linux-x86_64-debian-clang, r-devel-linux-x86_64-debian-gcc, r-devel-linux-x86_64-fedora-clang, r-devel-linux-x86_64-fedora-gcc, r-devel-windows-x86_64, r-patched-linux-x86_64, r-release-linux-x86_64, r-release-macos-arm64, r-release-macos-x86_64, r-release-windows-x86_64
Version: 0.0.2
Check: package subdirectories
Result: NOTE
Problems with news in ‘NEWS.md’:
No news entries found.
Flavors: r-devel-linux-x86_64-debian-clang, r-devel-linux-x86_64-debian-gcc, r-devel-linux-x86_64-fedora-clang, r-devel-linux-x86_64-fedora-gcc, r-devel-windows-x86_64, r-patched-linux-x86_64, r-release-linux-x86_64, r-release-macos-arm64, r-release-macos-x86_64, r-release-windows-x86_64