CRAN Package Check Results for Package lcyanalysis

Last updated on 2024-03-04 04:51:33 CET.

Flavor Version Tinstall Tcheck Ttotal Status Flags
r-devel-linux-x86_64-debian-clang 1.0.4 7.41 46.31 53.72 NOTE
r-devel-linux-x86_64-debian-gcc 1.0.4 5.69 34.73 40.42 NOTE
r-devel-linux-x86_64-fedora-clang 1.0.4 64.65 NOTE
r-devel-linux-x86_64-fedora-gcc 1.0.4 63.35 NOTE
r-devel-windows-x86_64 1.0.4 7.00 55.00 62.00 NOTE
r-patched-linux-x86_64 1.0.4 7.78 45.59 53.37 NOTE
r-release-linux-x86_64 1.0.4 5.89 45.30 51.19 NOTE
r-release-macos-arm64 1.0.4 22.00 NOTE
r-release-macos-x86_64 1.0.4 40.00 NOTE
r-release-windows-x86_64 1.0.4 9.00 58.00 67.00 NOTE
r-oldrel-macos-arm64 1.0.4 23.00 NOTE
r-oldrel-windows-x86_64 1.0.4 8.00 62.00 70.00 NOTE

Check Details

Version: 1.0.4
Check: LazyData
Result: NOTE 'LazyData' is specified without a 'data' directory Flavors: r-devel-linux-x86_64-debian-clang, r-devel-linux-x86_64-debian-gcc, r-devel-linux-x86_64-fedora-clang, r-devel-linux-x86_64-fedora-gcc, r-devel-windows-x86_64, r-patched-linux-x86_64, r-release-linux-x86_64, r-release-macos-arm64, r-release-macos-x86_64, r-release-windows-x86_64, r-oldrel-macos-arm64, r-oldrel-windows-x86_64