Last updated on 2023-12-08 05:02:07 CET.
Flavor | Version | Tinstall | Tcheck | Ttotal | Status | Flags |
---|---|---|---|---|---|---|
r-devel-linux-x86_64-debian-clang | 1.1.0 | 41.68 | 44.42 | 86.10 | NOTE | |
r-devel-linux-x86_64-debian-gcc | 1.1.0 | 32.75 | 33.87 | 66.62 | NOTE | |
r-devel-linux-x86_64-fedora-clang | 1.1.0 | 122.98 | NOTE | |||
r-devel-linux-x86_64-fedora-gcc | 1.1.0 | 131.25 | NOTE | |||
r-devel-windows-x86_64 | 1.1.0 | 37.00 | 82.00 | 119.00 | NOTE | |
r-patched-linux-x86_64 | 1.1.0 | 38.43 | 41.98 | 80.41 | NOTE | |
r-release-linux-x86_64 | 1.1.0 | 38.13 | 41.61 | 79.74 | NOTE | |
r-release-macos-arm64 | 1.1.0 | 43.00 | NOTE | |||
r-release-macos-x86_64 | 1.1.0 | 65.00 | NOTE | |||
r-release-windows-x86_64 | 1.1.0 | 36.00 | 85.00 | 121.00 | NOTE | |
r-oldrel-macos-arm64 | 1.1.0 | 37.00 | OK | |||
r-oldrel-macos-x86_64 | 1.1.0 | 46.00 | OK | |||
r-oldrel-windows-x86_64 | 1.1.0 | 47.00 | 87.00 | 134.00 | OK |
Version: 1.1.0
Check: C++ specification
Result: NOTE
Specified C++11: please drop specification unless essential
Flavors: r-devel-linux-x86_64-debian-clang, r-devel-linux-x86_64-debian-gcc, r-devel-linux-x86_64-fedora-clang, r-devel-linux-x86_64-fedora-gcc, r-devel-windows-x86_64, r-patched-linux-x86_64, r-release-linux-x86_64, r-release-macos-arm64, r-release-macos-x86_64, r-release-windows-x86_64