CRAN Package Check Results for Package lavaan.shiny

Last updated on 2024-02-21 04:55:43 CET.

Flavor Version Tinstall Tcheck Ttotal Status Flags
r-devel-linux-x86_64-debian-clang 1.2 NOTE
r-devel-linux-x86_64-debian-gcc 1.2 14.78 117.81 132.59 NOTE
r-devel-linux-x86_64-fedora-clang 1.2 219.04 NOTE
r-devel-linux-x86_64-fedora-gcc 1.2 214.06 NOTE
r-devel-windows-x86_64 1.2 18.00 123.00 141.00 NOTE
r-patched-linux-x86_64 1.2 15.12 153.45 168.57 NOTE
r-release-linux-x86_64 1.2 18.65 149.18 167.83 NOTE
r-release-macos-arm64 1.2 67.00 NOTE
r-release-macos-x86_64 1.2 109.00 NOTE
r-release-windows-x86_64 1.2 24.00 151.00 175.00 NOTE
r-oldrel-macos-arm64 1.2 60.00 NOTE
r-oldrel-windows-x86_64 1.2 25.00 158.00 183.00 NOTE

Check Details

Version: 1.2
Check: LazyData
Result: NOTE 'LazyData' is specified without a 'data' directory Flavors: r-devel-linux-x86_64-debian-clang, r-devel-linux-x86_64-debian-gcc, r-devel-linux-x86_64-fedora-clang, r-devel-linux-x86_64-fedora-gcc, r-devel-windows-x86_64, r-patched-linux-x86_64, r-release-linux-x86_64, r-release-macos-arm64, r-release-macos-x86_64, r-release-windows-x86_64, r-oldrel-macos-arm64, r-oldrel-windows-x86_64