Last updated on 2023-09-26 06:09:07 CEST.
Flavor | Version | Tinstall | Tcheck | Ttotal | Status | Flags |
---|---|---|---|---|---|---|
r-devel-linux-x86_64-debian-clang | 0.21-8 | 18.33 | 202.44 | 220.77 | OK | |
r-devel-linux-x86_64-debian-gcc | 0.21-8 | 11.77 | 150.87 | 162.64 | OK | |
r-devel-linux-x86_64-fedora-clang | 0.21-8 | 269.68 | NOTE | |||
r-devel-linux-x86_64-fedora-gcc | 0.21-8 | 278.64 | OK | |||
r-devel-windows-x86_64 | 0.21-8 | 27.00 | 185.00 | 212.00 | OK | |
r-patched-linux-x86_64 | 0.21-8 | 22.95 | 202.30 | 225.25 | OK | |
r-release-linux-x86_64 | 0.21-8 | 16.28 | 195.97 | 212.25 | OK | |
r-release-macos-arm64 | 0.21-8 | 81.00 | OK | |||
r-release-macos-x86_64 | 0.21-8 | 163.00 | OK | |||
r-release-windows-x86_64 | 0.21-8 | 23.00 | 230.00 | 253.00 | OK | |
r-oldrel-macos-arm64 | 0.21-8 | 97.00 | OK | |||
r-oldrel-macos-x86_64 | 0.21-8 | 117.00 | OK | |||
r-oldrel-windows-x86_64 | 0.21-8 | 28.00 | 222.00 | 250.00 | OK |
Version: 0.21-8
Check: Rd cross-references
Result: NOTE
Undeclared package ‘zoo’ in Rd xrefs
Flavor: r-devel-linux-x86_64-fedora-clang