CRAN Package Check Results for Package languageserversetup

Last updated on 2024-02-26 04:49:30 CET.

Flavor Version Tinstall Tcheck Ttotal Status Flags
r-devel-linux-x86_64-debian-clang 0.1.2 2.29 24.36 26.65 NOTE
r-devel-linux-x86_64-debian-gcc 0.1.2 1.58 18.70 20.28 NOTE
r-devel-linux-x86_64-fedora-clang 0.1.2 33.05 NOTE
r-devel-linux-x86_64-fedora-gcc 0.1.2 32.47 NOTE
r-devel-windows-x86_64 0.1.2 3.00 46.00 49.00 NOTE
r-patched-linux-x86_64 0.1.2 2.17 24.09 26.26 NOTE
r-release-linux-x86_64 0.1.2 2.02 23.57 25.59 NOTE
r-release-macos-arm64 0.1.2 16.00 NOTE
r-release-macos-x86_64 0.1.2 20.00 NOTE
r-release-windows-x86_64 0.1.2 4.00 45.00 49.00 NOTE
r-oldrel-macos-arm64 0.1.2 16.00 NOTE
r-oldrel-windows-x86_64 0.1.2 7.00 45.00 52.00 NOTE

Check Details

Version: 0.1.2
Check: LazyData
Result: NOTE 'LazyData' is specified without a 'data' directory Flavors: r-devel-linux-x86_64-debian-clang, r-devel-linux-x86_64-debian-gcc, r-devel-linux-x86_64-fedora-clang, r-devel-linux-x86_64-fedora-gcc, r-devel-windows-x86_64, r-patched-linux-x86_64, r-release-linux-x86_64, r-release-macos-arm64, r-release-macos-x86_64, r-release-windows-x86_64, r-oldrel-macos-arm64, r-oldrel-windows-x86_64