Last updated on 2023-12-07 04:56:27 CET.
Flavor | Version | Tinstall | Tcheck | Ttotal | Status | Flags |
---|---|---|---|---|---|---|
r-devel-linux-x86_64-debian-clang | 1.3.0 | 89.22 | 228.78 | 318.00 | OK | |
r-devel-linux-x86_64-debian-gcc | 1.3.0 | 66.00 | 168.92 | 234.92 | OK | |
r-devel-linux-x86_64-fedora-clang | 1.3.0 | 461.64 | OK | |||
r-devel-linux-x86_64-fedora-gcc | 1.3.0 | 448.94 | OK | |||
r-devel-windows-x86_64 | 1.3.0 | 73.00 | 235.00 | 308.00 | NOTE | |
r-patched-linux-x86_64 | 1.3.0 | 61.94 | 219.62 | 281.56 | OK | |
r-release-linux-x86_64 | 1.3.0 | 62.70 | 217.23 | 279.93 | OK | |
r-release-macos-arm64 | 1.3.0 | 113.00 | NOTE | |||
r-release-macos-x86_64 | 1.3.0 | 259.00 | NOTE | |||
r-release-windows-x86_64 | 1.3.0 | 100.00 | 270.00 | 370.00 | NOTE | |
r-oldrel-macos-arm64 | 1.3.0 | 121.00 | NOTE | |||
r-oldrel-macos-x86_64 | 1.3.0 | 150.00 | NOTE | |||
r-oldrel-windows-x86_64 | 1.3.0 | 90.00 | 268.00 | 358.00 | NOTE |
Version: 1.3.0
Check: installed package size
Result: NOTE
installed size is 5.6Mb
sub-directories of 1Mb or more:
doc 1.7Mb
libs 1.7Mb
Flavors: r-devel-windows-x86_64, r-release-macos-arm64, r-release-macos-x86_64, r-release-windows-x86_64, r-oldrel-macos-arm64, r-oldrel-macos-x86_64, r-oldrel-windows-x86_64